{"id":74015,"date":"2020-02-21T22:23:47","date_gmt":"2020-02-21T21:23:47","guid":{"rendered":"http:\/\/39-45.auzeau.fr\/?page_id=74015"},"modified":"2021-06-25T10:36:37","modified_gmt":"2021-06-25T08:36:37","slug":"51-auberive-cimetiere-polonais-le-bois-du-puits-6","status":"publish","type":"page","link":"https:\/\/www.auzeau.fr\/39-45\/france\/51-marne\/51-auberive-cimetiere-polonais-le-bois-du-puits-6\/","title":{"rendered":"51 &#8211; Auberive <em>Cimeti\u00e8re Polonais &#8220;Le bois du puits&#8221;<\/em>"},"content":{"rendered":"<p><img fetchpriority=\"high\" decoding=\"async\" class=\"aligncenter\" src=\"https:\/\/www.auzeau.fr\/39-45\/wp-content\/uploads\/Cimetieres\/31 -- 60\/51-Marne\/Auberive\/Auberive_cr.jpg\" sizes=\"(max-width: 900px) 100vw, 900px\" srcset=\"https:\/\/www.auzeau.fr\/39-45\/wp-content\/uploads\/Cimetieres\/31%20--%2060\/51-Marne\/Auberive\/Auberive_cr.jpg 900w, https:\/\/www.auzeau.fr\/39-45\/wp-content\/uploads\/Cimetieres\/31%20--%2060\/51-Marne\/Auberive\/Auberive_cr-300x134.jpg 300w, https:\/\/www.auzeau.fr\/39-45\/wp-content\/uploads\/Cimetieres\/31%20--%2060\/51-Marne\/Auberive\/Auberive_cr-768x344.jpg 768w\" alt=\"\" width=\"900\" height=\"403\" \/><\/p>\n<table style=\"width: 100%;\" border=\"0\">\n<tbody>\n<tr>\n<td style=\"width: 5%;\"><\/td>\n<td style=\"width: 5%;\"><\/td>\n<td style=\"width: 2%;\"><\/td>\n<td style=\"width: 8%;\"><\/td>\n<td style=\"width: 5%;\"><\/td>\n<td style=\"width: 5%;\"><\/td>\n<td style=\"width: 5%;\"><\/td>\n<td style=\"width: 2%;\"><\/td>\n<td style=\"width: 8%;\"><\/td>\n<td style=\"width: 2%;\"><\/td>\n<td style=\"width: 5%;\"><\/td>\n<td style=\"width: 3%;\"><\/td>\n<td style=\"width: 5%;\"><\/td>\n<td style=\"width: 5%;\"><\/td>\n<td style=\"width: 5%;\"><\/td>\n<td style=\"width: 5%;\"><\/td>\n<td style=\"width: 5%;\"><\/td>\n<td style=\"width: 5%;\"><\/td>\n<td style=\"width: 5%;\"><\/td>\n<td style=\"width: 10%;\"><\/td>\n<\/tr>\n<tr>\n<td style=\"width: 75%;\" colspan=\"16\"><span style=\"font-size: xx-large;\"><strong><span style=\"color: #000000;\">Caudron C714 Cyclone n\u00b0 20<\/span><\/strong><\/span><\/td>\n<td style=\"width: 25%; text-align: center;\" colspan=\"4\"><span style=\"font-size: xx-large;\"><strong>GC I\/145<br \/>\n<\/strong><\/span><\/td>\n<\/tr>\n<tr>\n<td style=\"width: 75%;\" colspan=\"16\">N\u00b0 de S\u00e9rie : 8552\u00a0\u00a0\u00a0\u00a0\u00a0\u00a0\u00a0\u00a0\u00a0\u00a0\u00a0 Matricule <span class='tooltipsall tooltipsincontent classtoolTips136'>AAF<\/span> : I-210<\/td>\n<td style=\"width: 25%; text-align: center;\" colspan=\"4\"><strong>2e Escadrille &#8211; cod\u00e9 14<\/strong><\/td>\n<\/tr>\n<tr style=\"height: 40px;\">\n<td style=\"text-align: right; width: 5%;\"><\/td>\n<td style=\"text-align: right; width: 5%;\"><\/td>\n<td style=\"text-align: right; width: 2%;\"><\/td>\n<td style=\"text-align: right; width: 8%;\"><\/td>\n<td style=\"text-align: right; width: 5%;\"><\/td>\n<td style=\"text-align: right; width: 5%;\"><\/td>\n<td style=\"text-align: right; width: 5%;\"><\/td>\n<td style=\"text-align: right; width: 2%;\"><\/td>\n<td style=\"text-align: right; width: 8%;\"><\/td>\n<td style=\"text-align: right; width: 2%;\"><\/td>\n<td style=\"text-align: right; width: 5%;\"><\/td>\n<td style=\"text-align: right; width: 3%;\"><\/td>\n<td style=\"text-align: right; width: 5%;\"><\/td>\n<td style=\"text-align: right; width: 5%;\"><\/td>\n<td style=\"text-align: right; width: 5%;\"><\/td>\n<td style=\"text-align: right; width: 5%;\"><\/td>\n<td style=\"text-align: right; width: 5%;\"><\/td>\n<td style=\"text-align: right; width: 5%;\"><\/td>\n<td style=\"text-align: right; width: 5%;\"><\/td>\n<td style=\"text-align: right; width: 10%;\"><\/td>\n<\/tr>\n<tr>\n<td style=\"text-align: right; width: 5%;\"><\/td>\n<td style=\"text-align: right; width: 5%;\"><span style=\"font-size: 14px;\"><strong>Date<\/strong><\/span><\/td>\n<td style=\"width: 2%; text-align: center;\"><strong>:<\/strong><\/td>\n<td style=\"width: 13%; text-align: left;\" colspan=\"2\"><span style=\"font-size: 14px;\"><em>09 juin 1940<br \/>\n<\/em><\/span><\/td>\n<td style=\"text-align: right; width: 5%;\"><\/td>\n<td style=\"text-align: right; width: 5%;\"><\/td>\n<td style=\"text-align: right; width: 2%;\"><\/td>\n<td style=\"text-align: right; width: 8%;\"><span style=\"font-size: 14px;\"><strong>Mission<\/strong><\/span><\/td>\n<td style=\"width: 2%; text-align: center;\"><strong><span style=\"font-size: 14px;\">:<\/span><\/strong><\/td>\n<td style=\"text-align: left; width: 53%;\" colspan=\"10\">Patrouille dans la vall\u00e9e de la Seine entre Meulan (78) et Rouen (76)<span style=\"font-size: 14px;\"><em><br \/>\n<\/em><\/span><\/td>\n<\/tr>\n<tr style=\"height: 40px;\">\n<td style=\"text-align: right; width: 5%;\"><\/td>\n<td style=\"text-align: right; width: 5%;\"><\/td>\n<td style=\"width: 2%; text-align: center;\"><\/td>\n<td style=\"width: 8%; text-align: left;\"><\/td>\n<td style=\"text-align: right; width: 5%;\"><\/td>\n<td style=\"text-align: right; width: 5%;\"><\/td>\n<td style=\"text-align: right; width: 5%;\"><\/td>\n<td style=\"text-align: right; width: 2%;\"><\/td>\n<td style=\"text-align: right; width: 8%;\"><\/td>\n<td style=\"width: 2%; text-align: center;\"><\/td>\n<td style=\"text-align: left; width: 5%;\"><\/td>\n<td style=\"text-align: left; width: 3%;\"><\/td>\n<td style=\"text-align: left; width: 5%;\"><\/td>\n<td style=\"text-align: left; width: 5%;\"><\/td>\n<td style=\"text-align: left; width: 5%;\"><\/td>\n<td style=\"text-align: left; width: 5%;\"><\/td>\n<td style=\"text-align: left; width: 5%;\"><\/td>\n<td style=\"text-align: left; width: 5%;\"><\/td>\n<td style=\"text-align: left; width: 5%;\"><\/td>\n<td style=\"text-align: left; width: 10%;\"><\/td>\n<\/tr>\n<tr style=\"height: 40px;\">\n<td style=\"text-align: right; width: 10%;\" colspan=\"2\"><\/td>\n<td style=\"width: 2%; text-align: center;\"><\/td>\n<td style=\"text-align: right; width: 23%;\" colspan=\"4\"><span style=\"font-size: 14px;\"><strong>D\u00e9collage<\/strong><\/span><\/td>\n<td style=\"width: 2%; text-align: center;\"><strong>:<\/strong><\/td>\n<td style=\"text-align: left; width: 63%;\" colspan=\"12\"><span style=\"font-size: 14px;\"><em>Bernay (27) \u00e0 14:30<\/em><\/span><\/td>\n<\/tr>\n<tr style=\"height: 40px;\">\n<td style=\"text-align: right; width: 10%;\" colspan=\"2\"><\/td>\n<td style=\"width: 2%; text-align: center;\"><\/td>\n<td style=\"text-align: right; width: 23%;\" colspan=\"4\"><span style=\"font-size: 14px;\"><strong>Causes de la perte<br \/>\n<\/strong><\/span><\/td>\n<td style=\"width: 2%; text-align: center;\"><strong>:<br \/>\n<\/strong><\/td>\n<td style=\"text-align: left; width: 63%;\" colspan=\"12\"><span style=\"font-size: 14px;\"><em> Abattu en combat a\u00e9rien contre des <span class='tooltipsall tooltipsincontent classtoolTips27'>Me 109<\/span><\/em><\/span><\/td>\n<\/tr>\n<tr style=\"height: 40px;\">\n<td style=\"text-align: right; width: 10%;\" colspan=\"2\"><\/td>\n<td style=\"width: 2%; text-align: center;\"><\/td>\n<td style=\"text-align: right; width: 23%;\" colspan=\"4\"><span style=\"font-size: 14px;\"><strong>Lieu de la perte<br \/>\n<\/strong><\/span><\/td>\n<td style=\"width: 2%; text-align: center;\"><strong>:<br \/>\n<\/strong><\/td>\n<td style=\"text-align: left; width: 63%;\" colspan=\"12\"><span style=\"font-size: 14px;\"><em>R\u00e9gion d&#8217;\u00c9vreux (27)<\/em><\/span><\/td>\n<\/tr>\n<tr style=\"height: 40px;\">\n<td style=\"width: 5%;\"><\/td>\n<td style=\"width: 5%;\"><\/td>\n<td style=\"width: 2%; text-align: center;\"><\/td>\n<td style=\"text-align: right; width: 8%;\"><\/td>\n<td style=\"text-align: right; width: 5%;\"><\/td>\n<td style=\"text-align: right; width: 5%;\"><\/td>\n<td style=\"text-align: right; width: 5%;\"><\/td>\n<td style=\"width: 2%; text-align: center;\"><\/td>\n<td style=\"text-align: left; width: 8%;\"><\/td>\n<td style=\"text-align: left; width: 2%;\"><\/td>\n<td style=\"text-align: left; width: 5%;\"><\/td>\n<td style=\"text-align: left; width: 3%;\"><\/td>\n<td style=\"text-align: left; width: 5%;\"><\/td>\n<td style=\"text-align: left; width: 5%;\"><\/td>\n<td style=\"text-align: left; width: 5%;\"><\/td>\n<td style=\"text-align: left; width: 5%;\"><\/td>\n<td style=\"text-align: left; width: 5%;\"><\/td>\n<td style=\"text-align: left; width: 5%;\"><\/td>\n<td style=\"text-align: left; width: 5%;\"><\/td>\n<td style=\"text-align: left; width: 10%;\"><\/td>\n<\/tr>\n<tr style=\"height: 60px;\">\n<td style=\"width: 5%;\"><img decoding=\"async\" src=\"https:\/\/www.auzeau.fr\/39-45\/wp-content\/uploads\/images\/Drapeaux\/Pologne.png\" alt=\"Pologne\" width=\"40\" height=\"20\" \/><\/td>\n<td style=\"width: 5%;\"><span class='tooltipsall tooltipsincontent classtoolTips181'>SLT<\/span><\/td>\n<td style=\"text-align: left;\" colspan=\"5\">Lech Mariusz<\/td>\n<td style=\"text-align: left;\" colspan=\"3\"><strong>LACHOWICKI-CZECHOWICZ<\/strong><\/td>\n<td style=\"text-align: center;\" colspan=\"2\"><span class='tooltipsall tooltipsincontent classtoolTips151'>Pil<\/span><\/td>\n<td style=\"width: 5%; text-align: center;\"><span class='tooltipsall tooltipsincontent classtoolTips136'>AAF<\/span><\/td>\n<td style=\"text-align: center;\" colspan=\"2\"><\/td>\n<td style=\"width: 5%; text-align: center;\"><span style=\"color: #000000;\"><strong><span class='tooltipsall tooltipsincontent classtoolTips110'>KIA<\/span><\/strong><\/span><\/td>\n<td style=\"text-align: left;\" colspan=\"4\"><\/td>\n<\/tr>\n<\/tbody>\n<\/table>\n<div id='gallery-1' class='gallery galleryid-74015 gallery-columns-2 gallery-size-thumbnail'><figure class='gallery-item'>\n\t\t\t<div class='gallery-icon portrait'>\n\t\t\t\t<a title=\"Lachowicki-Czechowicz\"  title=\"Lachowicki-Czechowicz\"  href='https:\/\/www.auzeau.fr\/39-45\/wp-content\/uploads\/Cimetieres\/31%20--%2060\/51-Marne\/Auberive\/8552\/Lachowicki-Czechowicz_1.jpg'><img decoding=\"async\" width=\"150\" height=\"150\" src=\"https:\/\/www.auzeau.fr\/39-45\/wp-content\/uploads\/Cimetieres\/31 -- 60\/51-Marne\/Auberive\/8552\/Lachowicki-Czechowicz_1-150x150.jpg\" class=\"attachment-thumbnail size-thumbnail\" alt=\"\" srcset=\"https:\/\/www.auzeau.fr\/39-45\/wp-content\/uploads\/Cimetieres\/31%20--%2060\/51-Marne\/Auberive\/8552\/Lachowicki-Czechowicz_1-150x150.jpg 150w, https:\/\/www.auzeau.fr\/39-45\/wp-content\/uploads\/Cimetieres\/31%20--%2060\/51-Marne\/Auberive\/8552\/Lachowicki-Czechowicz_1-50x50.jpg 50w\" sizes=\"(max-width: 150px) 100vw, 150px\" \/><\/a>\n\t\t\t<\/div><\/figure><figure class='gallery-item'>\n\t\t\t<div class='gallery-icon landscape'>\n\t\t\t\t<a title=\"Lachowicki-Czechowicz\"  title=\"Lachowicki-Czechowicz\"  href='https:\/\/www.auzeau.fr\/39-45\/wp-content\/uploads\/Cimetieres\/31%20--%2060\/51-Marne\/Auberive\/8552\/Lachowicki-Czechowicz_2.jpg'><img loading=\"lazy\" decoding=\"async\" width=\"150\" height=\"150\" src=\"https:\/\/www.auzeau.fr\/39-45\/wp-content\/uploads\/Cimetieres\/31 -- 60\/51-Marne\/Auberive\/8552\/Lachowicki-Czechowicz_2-150x150.jpg\" class=\"attachment-thumbnail size-thumbnail\" alt=\"\" srcset=\"https:\/\/www.auzeau.fr\/39-45\/wp-content\/uploads\/Cimetieres\/31%20--%2060\/51-Marne\/Auberive\/8552\/Lachowicki-Czechowicz_2-150x150.jpg 150w, https:\/\/www.auzeau.fr\/39-45\/wp-content\/uploads\/Cimetieres\/31%20--%2060\/51-Marne\/Auberive\/8552\/Lachowicki-Czechowicz_2-50x50.jpg 50w\" sizes=\"(max-width: 150px) 100vw, 150px\" \/><\/a>\n\t\t\t<\/div><\/figure>\n\t\t<\/div>\n\n<table style=\"width: 100%; border-collapse: collapse; background-color: #dcdcdc;\">\n<tbody>\n<tr>\n<td style=\"width: 100%; text-align: center;\"><ul id=\"menu-51-auberive\" class=\"menu\"><li id=\"menu-item-74385\" class=\"menu-item menu-item-type-post_type menu-item-object-page menu-item-74385\"><a href=\"https:\/\/www.auzeau.fr\/39-45\/france\/51-marne\/51-auberive-cimetiere-polonais-le-bois-du-puits\/\">Bloch MB152 n\u00b0 115<\/a><\/li>\n<li id=\"menu-item-74386\" class=\"menu-item menu-item-type-post_type menu-item-object-page menu-item-74386\"><a href=\"https:\/\/www.auzeau.fr\/39-45\/france\/51-marne\/51-auberive-cimetiere-polonais-le-bois-du-puits-2\/\">Bloch MB152 n\u00b0 130<\/a><\/li>\n<li id=\"menu-item-74387\" class=\"menu-item menu-item-type-post_type menu-item-object-page menu-item-74387\"><a href=\"https:\/\/www.auzeau.fr\/39-45\/france\/51-marne\/51-auberive-cimetiere-polonais-le-bois-du-puits-3\/\">Bloch MB152 n\u00b0 688<\/a><\/li>\n<li id=\"menu-item-74382\" class=\"menu-item menu-item-type-post_type menu-item-object-page menu-item-74382\"><a href=\"https:\/\/www.auzeau.fr\/39-45\/france\/51-marne\/51-auberive-cimetiere-polonais-le-bois-du-puits-4\/\">Caudron C714 n\u00b0 ??<\/a><\/li>\n<li id=\"menu-item-74383\" class=\"menu-item menu-item-type-post_type menu-item-object-page menu-item-74383\"><a href=\"https:\/\/www.auzeau.fr\/39-45\/france\/51-marne\/51-auberive-cimetiere-polonais-le-bois-du-puits-5\/\">Caudron C714 n\u00b0 ??<\/a><\/li>\n<li id=\"menu-item-74384\" class=\"menu-item menu-item-type-post_type menu-item-object-page menu-item-74384\"><a href=\"https:\/\/www.auzeau.fr\/39-45\/france\/51-marne\/51-auberive-cimetiere-polonais-le-bois-du-puits-6\/\">Caudron C714 n\u00b0 20<\/a><\/li>\n<\/ul><\/td>\n<\/tr>\n<\/tbody>\n<\/table>\n<hr \/>\n<p style=\"text-align: center;\"><ul id=\"menu-51-marne\" class=\"menu\"><li id=\"menu-item-74388\" class=\"menu-item menu-item-type-post_type menu-item-object-page menu-item-74388\"><a href=\"https:\/\/www.auzeau.fr\/39-45\/france\/51-marne\/51-auberive-cimetiere-polonais-le-bois-du-puits\/\">51 \u2013 Auberive <em>Cimeti\u00e8re Polonais \u201cLe bois du puits\u201d<\/em><\/a><\/li>\n<li id=\"menu-item-103870\" class=\"menu-item menu-item-type-post_type menu-item-object-page menu-item-103870\"><a href=\"https:\/\/www.auzeau.fr\/39-45\/france\/51-marne\/51-bassu\/\">51 \u2013 Bassu<\/a><\/li>\n<li id=\"menu-item-74437\" class=\"menu-item menu-item-type-post_type menu-item-object-page menu-item-74437\"><a href=\"https:\/\/www.auzeau.fr\/39-45\/france\/51-marne\/51-breuvery-sur-coole\/\">51 \u2013 Breuvery-sur-Coole<\/a><\/li>\n<li id=\"menu-item-74436\" class=\"menu-item menu-item-type-post_type menu-item-object-page menu-item-74436\"><a href=\"https:\/\/www.auzeau.fr\/39-45\/france\/51-marne\/51-brimont\/\">51 \u2013 Brimont<\/a><\/li>\n<li id=\"menu-item-55423\" class=\"menu-item menu-item-type-post_type menu-item-object-page menu-item-55423\"><a href=\"https:\/\/www.auzeau.fr\/39-45\/france\/51-marne\/51-bussy-le-chateau\/\">51 \u2013 Bussy-le-Ch\u00e2teau<\/a><\/li>\n<li id=\"menu-item-55424\" class=\"menu-item menu-item-type-post_type menu-item-object-page menu-item-55424\"><a href=\"https:\/\/www.auzeau.fr\/39-45\/france\/51-marne\/51-chalons-en-champagne\/\">51 \u2013 Ch\u00e2lons-en-Champagne<\/a><\/li>\n<li id=\"menu-item-74435\" class=\"menu-item menu-item-type-post_type menu-item-object-page menu-item-74435\"><a href=\"https:\/\/www.auzeau.fr\/39-45\/france\/51-marne\/51-chatelraould-saint-louvent\/\">51 \u2013 Ch\u00e2telraould-Saint-Louvent<\/a><\/li>\n<li id=\"menu-item-74434\" class=\"menu-item menu-item-type-post_type menu-item-object-page menu-item-74434\"><a href=\"https:\/\/www.auzeau.fr\/39-45\/france\/51-marne\/51-cheniers\/\">51 \u2013 Cheniers<\/a><\/li>\n<li id=\"menu-item-74433\" class=\"menu-item menu-item-type-post_type menu-item-object-page menu-item-74433\"><a href=\"https:\/\/www.auzeau.fr\/39-45\/france\/51-marne\/51-conde-sur-marne\/\">51 \u2013 Cond\u00e9-sur-Marne<\/a><\/li>\n<li id=\"menu-item-55425\" class=\"menu-item menu-item-type-post_type menu-item-object-page menu-item-55425\"><a href=\"https:\/\/www.auzeau.fr\/39-45\/france\/51-marne\/51-courtisols-cimetiere-de-leglise-saint-memmie\/\">51 \u2013 Courtisols \u2013 Cimeti\u00e8re de l\u2019\u00e9glise Saint-Memmie<\/a><\/li>\n<li id=\"menu-item-55426\" class=\"menu-item menu-item-type-post_type menu-item-object-page menu-item-55426\"><a href=\"https:\/\/www.auzeau.fr\/39-45\/france\/51-marne\/51-dormans-necropole-nationale\/\">51 \u2013 Dormans N\u00e9cropole Nationale<\/a><\/li>\n<li id=\"menu-item-75341\" class=\"menu-item menu-item-type-post_type menu-item-object-page menu-item-75341\"><a href=\"https:\/\/www.auzeau.fr\/39-45\/france\/51-marne\/51-dommartin-lettree\/\">51 \u2013 Dommartin-Lettr\u00e9e<\/a><\/li>\n<li id=\"menu-item-75340\" class=\"menu-item menu-item-type-post_type menu-item-object-page menu-item-75340\"><a href=\"https:\/\/www.auzeau.fr\/39-45\/france\/51-marne\/51-germaine\/\">51 \u2013 Germaine<\/a><\/li>\n<li id=\"menu-item-104054\" class=\"menu-item menu-item-type-post_type menu-item-object-page menu-item-104054\"><a href=\"https:\/\/www.auzeau.fr\/39-45\/france\/51-marne\/51-granges-sur-aube\/\">51 \u2013 Granges-sur-Aube<\/a><\/li>\n<li id=\"menu-item-100023\" class=\"menu-item menu-item-type-post_type menu-item-object-page menu-item-100023\"><a href=\"https:\/\/www.auzeau.fr\/39-45\/france\/51-marne\/51-heiltz-le-maurupt\/\">51 \u2013 Heiltz-le-Maurupt<\/a><\/li>\n<li id=\"menu-item-75339\" class=\"menu-item menu-item-type-post_type menu-item-object-page menu-item-75339\"><a href=\"https:\/\/www.auzeau.fr\/39-45\/france\/51-marne\/51-huiron\/\">51 \u2013 Huiron<\/a><\/li>\n<li id=\"menu-item-100022\" class=\"menu-item menu-item-type-post_type menu-item-object-page menu-item-100022\"><a href=\"https:\/\/www.auzeau.fr\/39-45\/france\/51-marne\/51-jussecourt-minecourt\/\">51 \u2013 Jussecourt-Minecourt<\/a><\/li>\n<li id=\"menu-item-75338\" class=\"menu-item menu-item-type-post_type menu-item-object-page menu-item-75338\"><a href=\"https:\/\/www.auzeau.fr\/39-45\/france\/51-marne\/51-lavannes\/\">51 \u2013 Lavannes<\/a><\/li>\n<li id=\"menu-item-75336\" class=\"menu-item menu-item-type-post_type menu-item-object-page menu-item-75336\"><a href=\"https:\/\/www.auzeau.fr\/39-45\/france\/51-marne\/51-matignicourt-goncourt\/\">51 \u2013 Matignicourt-Goncourt<\/a><\/li>\n<li id=\"menu-item-92611\" class=\"menu-item menu-item-type-post_type menu-item-object-page menu-item-92611\"><a href=\"https:\/\/www.auzeau.fr\/39-45\/france\/51-marne\/51-minaucourt-le-mesnil-les-hurlus\/\">51 \u2013 Minaucourt-le-Mesnil-l\u00e8s-Hurlus<\/a><\/li>\n<li id=\"menu-item-55427\" class=\"menu-item menu-item-type-post_type menu-item-object-page menu-item-55427\"><a href=\"https:\/\/www.auzeau.fr\/39-45\/france\/51-marne\/51-oeuilly\/\">51 \u2013 Oeuilly<\/a><\/li>\n<li id=\"menu-item-103871\" class=\"menu-item menu-item-type-post_type menu-item-object-page menu-item-103871\"><a href=\"https:\/\/www.auzeau.fr\/39-45\/france\/51-marne\/51-pargny-sur-saulx\/\">51 \u2013 Pargny-sur-Saulx N\u00e9cropole Nationale<\/a><\/li>\n<li id=\"menu-item-92610\" class=\"menu-item menu-item-type-post_type menu-item-object-page menu-item-92610\"><a href=\"https:\/\/www.auzeau.fr\/39-45\/france\/51-marne\/51-saint-germain-la-ville\/\">51 \u2013 Saint Germain-la-Ville<\/a><\/li>\n<li id=\"menu-item-55429\" class=\"menu-item menu-item-type-post_type menu-item-object-page menu-item-55429\"><a href=\"https:\/\/www.auzeau.fr\/39-45\/france\/51-marne\/51-saint-gibrien\/\">51 &#8211; Saint-Gibrien<\/a><\/li>\n<li id=\"menu-item-92607\" class=\"menu-item menu-item-type-post_type menu-item-object-page menu-item-92607\"><a href=\"https:\/\/www.auzeau.fr\/39-45\/france\/51-marne\/51-saint-gilles\/\">51 \u2013 Saint Gilles<\/a><\/li>\n<li id=\"menu-item-74164\" class=\"menu-item menu-item-type-post_type menu-item-object-page menu-item-74164\"><a href=\"https:\/\/www.auzeau.fr\/39-45\/france\/51-marne\/51-saint-hilaire-le-petit\/\">51 \u2013 Saint-Hilaire-le-Petit<\/a><\/li>\n<li id=\"menu-item-103872\" class=\"menu-item menu-item-type-post_type menu-item-object-page menu-item-103872\"><a href=\"https:\/\/www.auzeau.fr\/39-45\/france\/51-marne\/51-saint-utin\/\">51 \u2013 saint-Utin<\/a><\/li>\n<li id=\"menu-item-74166\" class=\"menu-item menu-item-type-post_type menu-item-object-page menu-item-74166\"><a href=\"https:\/\/www.auzeau.fr\/39-45\/france\/51-marne\/51-sept-saulx\/\">51 \u2013 Sept-Saulx<\/a><\/li>\n<li id=\"menu-item-92608\" class=\"menu-item menu-item-type-post_type menu-item-object-page menu-item-92608\"><a href=\"https:\/\/www.auzeau.fr\/39-45\/france\/51-marne\/51-souain-perthes-les-hurlus\/\">51 \u2013 Souain-Perthes-l\u00e8s-Hurlus<\/a><\/li>\n<li id=\"menu-item-92609\" class=\"menu-item menu-item-type-post_type menu-item-object-page menu-item-92609\"><a href=\"https:\/\/www.auzeau.fr\/39-45\/france\/51-marne\/51-soude-cimetiere-de-leglise-notre-dame\/\">51 &#8211; Soud\u00e9 <em>Cimeti\u00e8re de l&#8217;\u00e9glise Notre-Dame<\/em><\/a><\/li>\n<li id=\"menu-item-92856\" class=\"menu-item menu-item-type-post_type menu-item-object-page menu-item-92856\"><a href=\"https:\/\/www.auzeau.fr\/39-45\/france\/51-marne\/51-suippes-necropole-nationale\/\">51 \u2013 Suippes <em>N\u00e9cropole Nationale<\/em><\/a><\/li>\n<li id=\"menu-item-74165\" class=\"menu-item menu-item-type-post_type menu-item-object-page menu-item-74165\"><a href=\"https:\/\/www.auzeau.fr\/39-45\/france\/51-marne\/51-togny-aux-boeufs\/\">51 \u2013 Togny-aux-Boeufs<\/a><\/li>\n<li id=\"menu-item-55428\" class=\"menu-item menu-item-type-post_type menu-item-object-page menu-item-55428\"><a href=\"https:\/\/www.auzeau.fr\/39-45\/france\/51-marne\/51-villers-le-chateau\/\">51 \u2013 Villers-le-Ch\u00e2teau<\/a><\/li>\n<\/ul>\n<script type=\"text\/javascript\"> toolTips('.classtoolTips27','<img class=\"aligncenter wp-image-65839 size-full\" title=\"ME 109\" src=\"https:\/\/www.auzeau.fr\/39-45\/wp-content\/uploads\/Avions\/Allemand\/Me109.JPG\" alt=\"\" width=\"650\" height=\"357\" \/>'); <\/script><script type=\"text\/javascript\"> toolTips('.classtoolTips95','Leading Aircraftman'); <\/script><script type=\"text\/javascript\"> toolTips('.classtoolTips98','Colonel'); <\/script><script type=\"text\/javascript\"> toolTips('.classtoolTips110','Tu\u00e9 au combat<br\/><br\/>Killed In Action'); <\/script><script type=\"text\/javascript\"> toolTips('.classtoolTips136','Arm\u00e9e de l\u2019Air Fran\u00e7aise'); <\/script><script type=\"text\/javascript\"> toolTips('.classtoolTips144','Royal Corps of Signals'); <\/script><script type=\"text\/javascript\"> toolTips('.classtoolTips151','Pilote<br\/><br\/>Pilot'); <\/script><script type=\"text\/javascript\"> toolTips('.classtoolTips153','Porucznik'); <\/script><script type=\"text\/javascript\"> toolTips('.classtoolTips162','Telegraphist'); <\/script><script type=\"text\/javascript\"> toolTips('.classtoolTips181','Sous-Lieutenant'); <\/script><script type=\"text\/javascript\"> toolTips('.classtoolTips183','Flight Sergeant'); <\/script><script type=\"text\/javascript\"> toolTips('.classtoolTips185','Mitrailleur<br\/><br\/>Air Gunner'); <\/script><script type=\"text\/javascript\"> toolTips('.classtoolTips188','Bombardier<br\/><br\/>Air bomber'); <\/script><script type=\"text\/javascript\"> toolTips('.classtoolTips189','M\u00e9canicien volant<br\/><br\/>Flying Enginer'); <\/script><script type=\"text\/javascript\"> toolTips('.classtoolTips193','Royal Navy'); <\/script><script type=\"text\/javascript\"> toolTips('.classtoolTips197','Aircraftman'); <\/script><script type=\"text\/javascript\"> toolTips('.classtoolTips199','Radio Officer'); <\/script><script type=\"text\/javascript\"> toolTips('.classtoolTips201','Lieutenant'); <\/script>","protected":false},"excerpt":{"rendered":"<p>Caudron C714 Cyclone n\u00b0 20 GC I\/145 N\u00b0 de S\u00e9rie : 8552\u00a0\u00a0\u00a0\u00a0\u00a0\u00a0\u00a0\u00a0\u00a0\u00a0\u00a0 Matricule AAF : I-210 2e Escadrille &#8211; cod\u00e9 14 Date : 09 juin 1940 Mission : Patrouille dans la vall\u00e9e de la Seine entre Meulan (78) et Rouen (76) D\u00e9collage : Bernay (27) \u00e0 14:30 Causes de la perte : Abattu en combat [&hellip;]<\/p>\n","protected":false},"author":1,"featured_media":0,"parent":11536,"menu_order":0,"comment_status":"closed","ping_status":"closed","template":"template-full-width Caudron C715.php","meta":{"_lmt_disableupdate":"yes","_lmt_disable":"","footnotes":""},"categories":[3587],"tags":[3588],"wf_page_folders":[3133],"class_list":["post-74015","page","type-page","status-publish","hentry","category-caudron-c714","tag-gc-i-145"],"_links":{"self":[{"href":"https:\/\/www.auzeau.fr\/39-45\/wp-json\/wp\/v2\/pages\/74015","targetHints":{"allow":["GET"]}}],"collection":[{"href":"https:\/\/www.auzeau.fr\/39-45\/wp-json\/wp\/v2\/pages"}],"about":[{"href":"https:\/\/www.auzeau.fr\/39-45\/wp-json\/wp\/v2\/types\/page"}],"author":[{"embeddable":true,"href":"https:\/\/www.auzeau.fr\/39-45\/wp-json\/wp\/v2\/users\/1"}],"replies":[{"embeddable":true,"href":"https:\/\/www.auzeau.fr\/39-45\/wp-json\/wp\/v2\/comments?post=74015"}],"version-history":[{"count":0,"href":"https:\/\/www.auzeau.fr\/39-45\/wp-json\/wp\/v2\/pages\/74015\/revisions"}],"up":[{"embeddable":true,"href":"https:\/\/www.auzeau.fr\/39-45\/wp-json\/wp\/v2\/pages\/11536"}],"wp:attachment":[{"href":"https:\/\/www.auzeau.fr\/39-45\/wp-json\/wp\/v2\/media?parent=74015"}],"wp:term":[{"taxonomy":"category","embeddable":true,"href":"https:\/\/www.auzeau.fr\/39-45\/wp-json\/wp\/v2\/categories?post=74015"},{"taxonomy":"post_tag","embeddable":true,"href":"https:\/\/www.auzeau.fr\/39-45\/wp-json\/wp\/v2\/tags?post=74015"},{"taxonomy":"wf_page_folders","embeddable":true,"href":"https:\/\/www.auzeau.fr\/39-45\/wp-json\/wp\/v2\/wf_page_folders?post=74015"}],"curies":[{"name":"wp","href":"https:\/\/api.w.org\/{rel}","templated":true}]}}