{"id":70976,"date":"2019-10-15T21:00:52","date_gmt":"2019-10-15T19:00:52","guid":{"rendered":"http:\/\/39-45.auzeau.fr\/?page_id=70976"},"modified":"2021-04-23T12:21:46","modified_gmt":"2021-04-23T10:21:46","slug":"02-vauxaillon-necropole-nationale","status":"publish","type":"page","link":"https:\/\/www.auzeau.fr\/39-45\/france\/02-aisne\/02-vauxaillon-necropole-nationale\/","title":{"rendered":"02 &#8211; Vauxaillon N\u00e9cropole nationale"},"content":{"rendered":"<p><img fetchpriority=\"high\" decoding=\"async\" class=\"aligncenter\" src=\"https:\/\/www.auzeau.fr\/39-45\/wp-content\/uploads\/Cimetieres\/01 -- 30\/02 - Aisne\/Vauxaillon\/Vauxaillon.jpg\" sizes=\"(max-width: 900px) 100vw, 900px\" srcset=\"https:\/\/www.auzeau.fr\/39-45\/wp-content\/uploads\/Cimetieres\/01%20--%2030\/02%20-%20Aisne\/Vauxaillon\/Vauxaillon.jpg 900w, https:\/\/www.auzeau.fr\/39-45\/wp-content\/uploads\/Cimetieres\/01%20--%2030\/02%20-%20Aisne\/Vauxaillon\/Vauxaillon-300x136.jpg 300w, https:\/\/www.auzeau.fr\/39-45\/wp-content\/uploads\/Cimetieres\/01%20--%2030\/02%20-%20Aisne\/Vauxaillon\/Vauxaillon-768x347.jpg 768w\" alt=\"\" width=\"900\" height=\"407\" \/><\/p>\n<table style=\"width: 100%;\" border=\"0\">\n<tbody>\n<tr>\n<td style=\"width: 5%;\"><\/td>\n<td style=\"width: 5%;\"><\/td>\n<td style=\"width: 5%;\"><\/td>\n<td style=\"width: 5%;\"><\/td>\n<td style=\"width: 5%;\"><\/td>\n<td style=\"width: 5%;\"><\/td>\n<td style=\"width: 5%;\"><\/td>\n<td style=\"width: 5%;\"><\/td>\n<td style=\"width: 5%;\"><\/td>\n<td style=\"width: 5%;\"><\/td>\n<td style=\"width: 5%;\"><\/td>\n<td style=\"width: 5%;\"><\/td>\n<td style=\"width: 5%;\"><\/td>\n<td style=\"width: 5%;\"><\/td>\n<td style=\"width: 5%;\"><\/td>\n<td style=\"width: 5%;\"><\/td>\n<td style=\"width: 5%;\"><\/td>\n<td style=\"width: 5%;\"><\/td>\n<td style=\"width: 5%;\"><\/td>\n<td style=\"width: 5%;\"><\/td>\n<\/tr>\n<tr>\n<td colspan=\"15\"><strong><span style=\"font-size: xx-large;\"><span style=\"color: #000000;\">Farman F403 n\u00b0 7482\/16<\/span><br \/>\n<\/span><\/strong><span style=\"font-size: 18pt;\">Immatriculation civile : F-AHOU<\/span><\/td>\n<td style=\"text-align: center;\" colspan=\"5\"><strong><span style=\"font-size: xx-large;\">Section des Estafettes 9\/101<br \/>\n<\/span><\/strong><\/td>\n<\/tr>\n<tr style=\"height: 40px;\">\n<td style=\"text-align: right;\" colspan=\"2\"><strong>Date : <\/strong><\/td>\n<td colspan=\"5\"><em>\u00a024 f\u00e9vrier 1940<br \/>\n<\/em><\/td>\n<td style=\"text-align: right;\" colspan=\"3\"><strong>Mission : <\/strong><\/td>\n<td colspan=\"10\"><em>\u00a0Vol d&#8217;essai<br \/>\n<\/em><\/td>\n<\/tr>\n<tr style=\"height: 40px;\">\n<td><\/td>\n<td><\/td>\n<td style=\"text-align: right;\" colspan=\"5\"><strong>D\u00e9collage :<\/strong><\/td>\n<td colspan=\"10\"><em>\u00a0<\/em><\/td>\n<td><\/td>\n<td><\/td>\n<td><\/td>\n<\/tr>\n<tr style=\"height: 40px;\">\n<td><\/td>\n<td><\/td>\n<td style=\"text-align: right;\" colspan=\"5\"><strong>Causes de la perte :<\/strong><\/td>\n<td colspan=\"10\"><em>\u00a0Perte de contr\u00f4le<br \/>\n<\/em><\/td>\n<td><\/td>\n<td><\/td>\n<td><\/td>\n<\/tr>\n<tr style=\"height: 40px;\">\n<td><\/td>\n<td><\/td>\n<td style=\"text-align: right;\" colspan=\"5\"><strong>Lieu de la perte :<br \/>\n<\/strong><\/td>\n<td colspan=\"10\"><em>\u00a0Pr\u00e8s du Ch\u00e2teau \u00e0 Ardon-sous-Laon (02)<br \/>\n<\/em><\/td>\n<td><\/td>\n<td><\/td>\n<td><\/td>\n<\/tr>\n<tr style=\"height: 60px;\">\n<td><img decoding=\"async\" class=\"aligncenter\" src=\"https:\/\/www.auzeau.fr\/39-45\/wp-content\/uploads\/images\/Drapeaux\/France.png\" alt=\"France\" width=\"40\" height=\"20\" \/><\/td>\n<td><span class='tooltipsall tooltipsincontent classtoolTips90'>Cpl<\/span><\/td>\n<td colspan=\"5\">Gaston Louis Ferdinand<\/td>\n<td colspan=\"3\"><span style=\"color: #000000;\"><strong>DUBOIS<\/strong><\/span><\/td>\n<td><span class='tooltipsall tooltipsincontent classtoolTips62'>Pass<\/span><\/td>\n<td style=\"text-align: center;\"><span class='tooltipsall tooltipsincontent classtoolTips136'>AAF<\/span><\/td>\n<td colspan=\"2\"><\/td>\n<td><span style=\"color: #000000;\"><strong><span class='tooltipsall tooltipsincontent classtoolTips110'>KIA<\/span><\/strong><\/span><\/td>\n<td colspan=\"5\"><span style=\"color: #000000;\"><strong><span class='tooltipsall tooltipsincontent classtoolTips126'>MPF<\/span><\/strong><\/span> <span style=\"font-size: 8pt;\">Compagnie de l&#8217;air 112. Lieu d&#8217;inhumation inconnu<\/span><\/td>\n<\/tr>\n<tr style=\"height: 60px;\">\n<td><img decoding=\"async\" class=\"aligncenter\" src=\"https:\/\/www.auzeau.fr\/39-45\/wp-content\/uploads\/images\/Drapeaux\/France.png\" alt=\"France\" width=\"40\" height=\"20\" \/><\/td>\n<td><span class='tooltipsall tooltipsincontent classtoolTips201'>Lt<\/span><\/td>\n<td colspan=\"5\">Daniel Lucien<\/td>\n<td colspan=\"3\"><span style=\"color: #000000;\"><strong>HEBERT<\/strong><\/span><\/td>\n<td><span class='tooltipsall tooltipsincontent classtoolTips62'>Pass<\/span><\/td>\n<td style=\"text-align: center;\"><span class='tooltipsall tooltipsincontent classtoolTips136'>AAF<\/span><\/td>\n<td colspan=\"2\"><\/td>\n<td><span style=\"color: #000000;\"><strong><span class='tooltipsall tooltipsincontent classtoolTips110'>KIA<\/span><\/strong><\/span><\/td>\n<td colspan=\"5\"><span style=\"color: #000000;\"><strong><span class='tooltipsall tooltipsincontent classtoolTips126'>MPF<\/span><\/strong><\/span><\/td>\n<\/tr>\n<tr style=\"height: 60px;\">\n<td><img decoding=\"async\" class=\"aligncenter\" src=\"https:\/\/www.auzeau.fr\/39-45\/wp-content\/uploads\/images\/Drapeaux\/France.png\" alt=\"France\" width=\"40\" height=\"20\" \/><\/td>\n<td><span class='tooltipsall tooltipsincontent classtoolTips96'>Sgt<\/span><\/td>\n<td colspan=\"5\">Jean Ferdinand<\/td>\n<td colspan=\"3\"><span style=\"color: #000000;\"><strong>THARAUD<\/strong><\/span><\/td>\n<td><span class='tooltipsall tooltipsincontent classtoolTips151'>Pil<\/span><\/td>\n<td style=\"text-align: center;\"><span class='tooltipsall tooltipsincontent classtoolTips136'>AAF<\/span><\/td>\n<td colspan=\"2\"><\/td>\n<td><span style=\"color: #000000;\"><strong><span class='tooltipsall tooltipsincontent classtoolTips110'>KIA<\/span><\/strong><\/span><\/td>\n<td colspan=\"5\"><span style=\"color: #000000;\"><strong><span class='tooltipsall tooltipsincontent classtoolTips126'>MPF<\/span><\/strong><\/span> <span style=\"font-size: 8pt;\">Compagnie de l&#8217;air 112. <a href=\"https:\/\/www.auzeau.fr\/39-45\/france\/16-charente\/16-cognac-cimetiere-de-breuil\/\">Inhum\u00e9 \u00e0 Cognac (16)<\/a><\/span><\/td>\n<\/tr>\n<tr>\n<td colspan=\"20\"><div id='gallery-1' class='gallery galleryid-70976 gallery-columns-2 gallery-size-thumbnail'><figure class='gallery-item'>\n\t\t\t<div class='gallery-icon portrait'>\n\t\t\t\t<a title=\"Daniel Lucien Herbert\"  title=\"Daniel Lucien Herbert\"  href='https:\/\/www.auzeau.fr\/39-45\/wp-content\/uploads\/Cimetieres\/01%20--%2030\/02%20-%20Aisne\/Vauxaillon\/F-AOHU\/Herbert.jpg'><img decoding=\"async\" width=\"150\" height=\"150\" src=\"https:\/\/www.auzeau.fr\/39-45\/wp-content\/uploads\/Cimetieres\/01 -- 30\/02 - Aisne\/Vauxaillon\/F-AOHU\/Herbert-150x150.jpg\" class=\"attachment-thumbnail size-thumbnail\" alt=\"\" srcset=\"https:\/\/www.auzeau.fr\/39-45\/wp-content\/uploads\/Cimetieres\/01%20--%2030\/02%20-%20Aisne\/Vauxaillon\/F-AOHU\/Herbert-150x150.jpg 150w, https:\/\/www.auzeau.fr\/39-45\/wp-content\/uploads\/Cimetieres\/01%20--%2030\/02%20-%20Aisne\/Vauxaillon\/F-AOHU\/Herbert-50x50.jpg 50w\" sizes=\"(max-width: 150px) 100vw, 150px\" \/><\/a>\n\t\t\t<\/div><\/figure><figure class='gallery-item'>\n\t\t\t<div class='gallery-icon landscape'>\n\t\t\t\t<a title=\"Daniel Lucien Herbert\"  title=\"Daniel Lucien Herbert\"  href='https:\/\/www.auzeau.fr\/39-45\/wp-content\/uploads\/Cimetieres\/01%20--%2030\/02%20-%20Aisne\/Vauxaillon\/F-AOHU\/Herbert-2.jpg'><img loading=\"lazy\" decoding=\"async\" width=\"150\" height=\"150\" src=\"https:\/\/www.auzeau.fr\/39-45\/wp-content\/uploads\/Cimetieres\/01 -- 30\/02 - Aisne\/Vauxaillon\/F-AOHU\/Herbert-2-150x150.jpg\" class=\"attachment-thumbnail size-thumbnail\" alt=\"\" srcset=\"https:\/\/www.auzeau.fr\/39-45\/wp-content\/uploads\/Cimetieres\/01%20--%2030\/02%20-%20Aisne\/Vauxaillon\/F-AOHU\/Herbert-2-150x150.jpg 150w, https:\/\/www.auzeau.fr\/39-45\/wp-content\/uploads\/Cimetieres\/01%20--%2030\/02%20-%20Aisne\/Vauxaillon\/F-AOHU\/Herbert-2-50x50.jpg 50w\" sizes=\"(max-width: 150px) 100vw, 150px\" \/><\/a>\n\t\t\t<\/div><\/figure>\n\t\t<\/div>\n<\/td>\n<\/tr>\n<tr>\n<td colspan=\"20\"><span style=\"font-size: 8pt;\"><span style=\"color: #000000;\"><strong>21 avril 2021 :<\/strong><\/span> Correction d&#8217;erreurs pr\u00e9sentent sur la fiche<\/span><\/td>\n<\/tr>\n<\/tbody>\n<\/table>\n<table>\n<tbody>\n<tr>\n<td style=\"background-color: #dcdcdc; text-align: center; vertical-align: middle;\">\n<p style=\"text-align: center;\"><ul id=\"menu-02-vauxaillon\" class=\"menu\"><li id=\"menu-item-71180\" class=\"menu-item menu-item-type-post_type menu-item-object-page menu-item-71180\"><a href=\"https:\/\/www.auzeau.fr\/39-45\/france\/02-aisne\/02-vauxaillon-necropole-nationale\/\">Farman F403 n\u00b0 7482<\/a><\/li>\n<li id=\"menu-item-71179\" class=\"menu-item menu-item-type-post_type menu-item-object-page menu-item-71179\"><a href=\"https:\/\/www.auzeau.fr\/39-45\/france\/02-aisne\/02-vauxaillon-necropole-nationale-2\/\">Bloch MB152 n\u00b0 531<\/a><\/li>\n<li id=\"menu-item-71178\" class=\"menu-item menu-item-type-post_type menu-item-object-page menu-item-71178\"><a href=\"https:\/\/www.auzeau.fr\/39-45\/france\/02-aisne\/02-vauxaillon-necropole-nationale-3\/\">Bloch MB152 n\u00b0 255<\/a><\/li>\n<li id=\"menu-item-71177\" class=\"menu-item menu-item-type-post_type menu-item-object-page menu-item-71177\"><a href=\"https:\/\/www.auzeau.fr\/39-45\/france\/02-aisne\/02-vauxaillon-necropole-nationale-4\/\">Morane-Saulnier MS406 n\u00b0 730<\/a><\/li>\n<\/ul>\n<\/td>\n<\/tr>\n<\/tbody>\n<\/table>\n<hr \/>\n<p style=\"text-align: center;\"><ul id=\"menu-02-aisne\" class=\"menu\"><li id=\"menu-item-47919\" class=\"menu-item menu-item-type-post_type menu-item-object-page menu-item-47919\"><a href=\"https:\/\/www.auzeau.fr\/39-45\/france\/02-aisne\/02-ambleny\/\">02 \u2013 Ambleny N\u00e9cropole Nationale<\/a><\/li>\n<li id=\"menu-item-47921\" class=\"menu-item menu-item-type-post_type menu-item-object-page menu-item-47921\"><a href=\"https:\/\/www.auzeau.fr\/39-45\/france\/02-aisne\/02-besme\/\">02 \u2013 Besm\u00e9<\/a><\/li>\n<li id=\"menu-item-47922\" class=\"menu-item menu-item-type-post_type menu-item-object-page menu-item-47922\"><a href=\"https:\/\/www.auzeau.fr\/39-45\/france\/02-aisne\/02-bohain\/\">02 \u2013 Bohain<\/a><\/li>\n<li id=\"menu-item-47923\" class=\"menu-item menu-item-type-post_type menu-item-object-page menu-item-47923\"><a href=\"https:\/\/www.auzeau.fr\/39-45\/france\/02-aisne\/02-bourguignon-sous-coucy\/\">02 \u2013 Bourguignon-sous-Coucy<\/a><\/li>\n<li id=\"menu-item-47924\" class=\"menu-item menu-item-type-post_type menu-item-object-page menu-item-47924\"><a href=\"https:\/\/www.auzeau.fr\/39-45\/france\/02-aisne\/02-brissy-hamegicourt\/\">02 \u2013 Brissy-Ham\u00e9gicourt<\/a><\/li>\n<li id=\"menu-item-99577\" class=\"menu-item menu-item-type-post_type menu-item-object-page menu-item-99577\"><a href=\"https:\/\/www.auzeau.fr\/39-45\/france\/02-aisne\/02-chalandry\/\">02 \u2013 Chalandry<\/a><\/li>\n<li id=\"menu-item-47925\" class=\"menu-item menu-item-type-post_type menu-item-object-page menu-item-47925\"><a href=\"https:\/\/www.auzeau.fr\/39-45\/france\/02-aisne\/02-coeuvres-et-valsery\/\">02 \u2013 Coeuvres-et-Valsery<\/a><\/li>\n<li id=\"menu-item-47926\" class=\"menu-item menu-item-type-post_type menu-item-object-page menu-item-47926\"><a href=\"https:\/\/www.auzeau.fr\/39-45\/france\/02-aisne\/02-coincy\/\">02 \u2013 Coincy<\/a><\/li>\n<li id=\"menu-item-101569\" class=\"menu-item menu-item-type-post_type menu-item-object-page menu-item-101569\"><a href=\"https:\/\/www.auzeau.fr\/39-45\/france\/02-aisne\/02-conde-en-brie\/\">02 \u2013 Cond\u00e9-en-Brie<\/a><\/li>\n<li id=\"menu-item-47927\" class=\"menu-item menu-item-type-post_type menu-item-object-page menu-item-47927\"><a href=\"https:\/\/www.auzeau.fr\/39-45\/france\/02-aisne\/02-conde-sur-aisne\/\">02 \u2013 Cond\u00e9-sur-Aisne<\/a><\/li>\n<li id=\"menu-item-47928\" class=\"menu-item menu-item-type-post_type menu-item-object-page menu-item-47928\"><a href=\"https:\/\/www.auzeau.fr\/39-45\/france\/02-aisne\/02-cugny\/\">02 \u2013 Cugny<\/a><\/li>\n<li id=\"menu-item-103876\" class=\"menu-item menu-item-type-post_type menu-item-object-page menu-item-103876\"><a href=\"https:\/\/www.auzeau.fr\/39-45\/france\/02-aisne\/02-cuissy-et-geny\/\">02 \u2013 Cuissy-et-Geny<\/a><\/li>\n<li id=\"menu-item-47929\" class=\"menu-item menu-item-type-post_type menu-item-object-page menu-item-47929\"><a href=\"https:\/\/www.auzeau.fr\/39-45\/france\/02-aisne\/02-dravegny\/\">02 \u2013 Dravegny<\/a><\/li>\n<li id=\"menu-item-71174\" class=\"menu-item menu-item-type-post_type menu-item-object-page menu-item-71174\"><a href=\"https:\/\/www.auzeau.fr\/39-45\/france\/02-aisne\/02-festieux\/\">02 \u2013 Festieux<\/a><\/li>\n<li id=\"menu-item-47930\" class=\"menu-item menu-item-type-post_type menu-item-object-page menu-item-47930\"><a href=\"https:\/\/www.auzeau.fr\/39-45\/france\/02-aisne\/02-fourdrain\/\">02 \u2013 Fourdrain<\/a><\/li>\n<li id=\"menu-item-47931\" class=\"menu-item menu-item-type-post_type menu-item-object-page menu-item-47931\"><a href=\"https:\/\/www.auzeau.fr\/39-45\/france\/02-aisne\/02-gouy-prospect-hill-cemetery\/\">02 \u2013 Gouy Prospect Hill Cemetery<\/a><\/li>\n<li id=\"menu-item-47933\" class=\"menu-item menu-item-type-post_type menu-item-object-page menu-item-47933\"><a href=\"https:\/\/www.auzeau.fr\/39-45\/france\/02-aisne\/02-guise-necropole-nationale\/\">02 &#8211; Guise &#8211; N\u00e9cropole Nationale<\/a><\/li>\n<li id=\"menu-item-47934\" class=\"menu-item menu-item-type-post_type menu-item-object-page menu-item-47934\"><a href=\"https:\/\/www.auzeau.fr\/39-45\/france\/02-aisne\/02-hirson\/\">02 \u2013 Hirson<\/a><\/li>\n<li id=\"menu-item-47935\" class=\"menu-item menu-item-type-post_type menu-item-object-page menu-item-47935\"><a href=\"https:\/\/www.auzeau.fr\/39-45\/france\/02-aisne\/02-juvincourt-et-damary\/\">02 \u2013 Juvincourt-et-Damary<\/a><\/li>\n<li id=\"menu-item-47936\" class=\"menu-item menu-item-type-post_type menu-item-object-page menu-item-47936\"><a href=\"https:\/\/www.auzeau.fr\/39-45\/france\/02-aisne\/02-la-malmaison\/\">02 \u2013 La Malmaison<\/a><\/li>\n<li id=\"menu-item-47937\" class=\"menu-item menu-item-type-post_type menu-item-object-page menu-item-47937\"><a href=\"https:\/\/www.auzeau.fr\/39-45\/france\/02-aisne\/02-la-ville-au-bois-les-pontavert-british-cemetery\/\">02 \u2013 La Ville-au-Bois-l\u00e8s-Pontavert British Cemetery<\/a><\/li>\n<li id=\"menu-item-47940\" class=\"menu-item menu-item-type-post_type menu-item-object-page menu-item-47940\"><a href=\"https:\/\/www.auzeau.fr\/39-45\/france\/02-aisne\/02-laon\/\">02 \u2013 Laon<\/a><\/li>\n<li id=\"menu-item-47941\" class=\"menu-item menu-item-type-post_type menu-item-object-page menu-item-47941\"><a href=\"https:\/\/www.auzeau.fr\/39-45\/france\/02-aisne\/02-lappion\/\">02 \u2013 Lappion<\/a><\/li>\n<li id=\"menu-item-47942\" class=\"menu-item menu-item-type-post_type menu-item-object-page menu-item-47942\"><a href=\"https:\/\/www.auzeau.fr\/39-45\/france\/02-aisne\/02-lesges\/\">02 \u2013 Lesges<\/a><\/li>\n<li id=\"menu-item-47951\" class=\"menu-item menu-item-type-post_type menu-item-object-page menu-item-47951\"><a href=\"https:\/\/www.auzeau.fr\/39-45\/france\/02-aisne\/02-liesse-notre-dame\/\">02 \u2013 Liesse-Notre-Dame<\/a><\/li>\n<li id=\"menu-item-71571\" class=\"menu-item menu-item-type-post_type menu-item-object-page menu-item-71571\"><a href=\"https:\/\/www.auzeau.fr\/39-45\/france\/02-aisne\/02-longpont\/\">02 \u2013 Longpont<\/a><\/li>\n<li id=\"menu-item-47952\" class=\"menu-item menu-item-type-post_type menu-item-object-page menu-item-47952\"><a href=\"https:\/\/www.auzeau.fr\/39-45\/france\/02-aisne\/02-maizy\/\">02 \u2013 Maizy<\/a><\/li>\n<li id=\"menu-item-99576\" class=\"menu-item menu-item-type-post_type menu-item-object-page menu-item-99576\"><a href=\"https:\/\/www.auzeau.fr\/39-45\/france\/02-aisne\/02-marly-gomont\/\">02 \u2013 Marly-Gomont<\/a><\/li>\n<li id=\"menu-item-47953\" class=\"menu-item menu-item-type-post_type menu-item-object-page menu-item-47953\"><a href=\"https:\/\/www.auzeau.fr\/39-45\/france\/02-aisne\/02-mesnil-saint-laurent\/\">02 \u2013 Mesnil-Saint-Laurent<\/a><\/li>\n<li id=\"menu-item-71173\" class=\"menu-item menu-item-type-post_type menu-item-object-page menu-item-71173\"><a href=\"https:\/\/www.auzeau.fr\/39-45\/france\/02-aisne\/02-monntchalons\/\">02 \u2013 Montch\u00e2lons<\/a><\/li>\n<li id=\"menu-item-47954\" class=\"menu-item menu-item-type-post_type menu-item-object-page menu-item-47954\"><a href=\"https:\/\/www.auzeau.fr\/39-45\/france\/02-aisne\/02-montescourt-lizerolles\/\">02 \u2013 Montescourt-Lizerolles<\/a><\/li>\n<li id=\"menu-item-103875\" class=\"menu-item menu-item-type-post_type menu-item-object-page menu-item-103875\"><a href=\"https:\/\/www.auzeau.fr\/39-45\/france\/02-aisne\/02-montreuil-aux-lions\/\">02 \u2013 Montreuil-aux-Lions<\/a><\/li>\n<li id=\"menu-item-47955\" class=\"menu-item menu-item-type-post_type menu-item-object-page menu-item-47955\"><a href=\"https:\/\/www.auzeau.fr\/39-45\/france\/02-aisne\/02-mortefontaine\/\">02 \u2013 Mortefontaine<\/a><\/li>\n<li id=\"menu-item-47956\" class=\"menu-item menu-item-type-post_type menu-item-object-page menu-item-47956\"><a href=\"https:\/\/www.auzeau.fr\/39-45\/france\/02-aisne\/02-moy-sur-aisne\/\">02 \u2013 Mo\u00ff-de-l\u2019Aisne<\/a><\/li>\n<li id=\"menu-item-71172\" class=\"menu-item menu-item-type-post_type menu-item-object-page menu-item-71172\"><a href=\"https:\/\/www.auzeau.fr\/39-45\/france\/02-aisne\/02-pancy-courtecon\/\">02 \u2013 Pancy-Courtecon<\/a><\/li>\n<li id=\"menu-item-71569\" class=\"menu-item menu-item-type-post_type menu-item-object-page menu-item-71569\"><a href=\"https:\/\/www.auzeau.fr\/39-45\/france\/02-aisne\/02-perles\/\">02 \u2013 Perles<\/a><\/li>\n<li id=\"menu-item-47957\" class=\"menu-item menu-item-type-post_type menu-item-object-page menu-item-47957\"><a href=\"https:\/\/www.auzeau.fr\/39-45\/france\/02-aisne\/02-pontavert\/\">02 \u2013 Pontavert<\/a><\/li>\n<li id=\"menu-item-71176\" class=\"menu-item menu-item-type-post_type menu-item-object-page menu-item-71176\"><a href=\"https:\/\/www.auzeau.fr\/39-45\/france\/02-aisne\/presles-et-thierny\/\">02 \u2013 Presles-et-Thierny<\/a><\/li>\n<li id=\"menu-item-71170\" class=\"menu-item menu-item-type-post_type menu-item-object-page menu-item-71170\"><a href=\"https:\/\/www.auzeau.fr\/39-45\/france\/02-aisne\/02-saint-erme\/\">02 \u2013 Saint-Erme<\/a><\/li>\n<li id=\"menu-item-47959\" class=\"menu-item menu-item-type-post_type menu-item-object-page menu-item-47959\"><a href=\"https:\/\/www.auzeau.fr\/39-45\/france\/02-aisne\/02-saint-quentin-cimetiere-nord\/\">02 \u2013 Saint-Quentin Cimeti\u00e8re Nord<\/a><\/li>\n<li id=\"menu-item-48047\" class=\"menu-item menu-item-type-post_type menu-item-object-page menu-item-48047\"><a href=\"https:\/\/www.auzeau.fr\/39-45\/france\/02-aisne\/02-saint-quentin-necropole-nationale\/\">02 \u2013 Saint-Quentin N\u00e9cropole Nationale<\/a><\/li>\n<li id=\"menu-item-47961\" class=\"menu-item menu-item-type-post_type menu-item-object-page menu-item-47961\"><a href=\"https:\/\/www.auzeau.fr\/39-45\/france\/02-aisne\/02-septmonts\/\">02 \u2013 Septmonts<\/a><\/li>\n<li id=\"menu-item-47964\" class=\"menu-item menu-item-type-post_type menu-item-object-page menu-item-47964\"><a href=\"https:\/\/www.auzeau.fr\/39-45\/france\/02-aisne\/02-saurecourt-le-grand-british-cemetery\/\">02 \u2013 Seraucourt-le-Grand British Cemetery<\/a><\/li>\n<li id=\"menu-item-47966\" class=\"menu-item menu-item-type-post_type menu-item-object-page menu-item-47966\"><a href=\"https:\/\/www.auzeau.fr\/39-45\/france\/02-aisne\/02-soupir-necropole-nationale\/\">02 \u2013 Soupir N\u00e9cropole Nationale<\/a><\/li>\n<li id=\"menu-item-47967\" class=\"menu-item menu-item-type-post_type menu-item-object-page menu-item-47967\"><a href=\"https:\/\/www.auzeau.fr\/39-45\/france\/02-aisne\/02-travecy\/\">02 \u2013 Travecy<\/a><\/li>\n<li id=\"menu-item-47968\" class=\"menu-item menu-item-type-post_type menu-item-object-page menu-item-47968\"><a href=\"https:\/\/www.auzeau.fr\/39-45\/france\/02-aisne\/02-trefcon-british-cemetery\/\">02 \u2013 Trefcon British Cemetery<\/a><\/li>\n<li id=\"menu-item-47969\" class=\"menu-item menu-item-type-post_type menu-item-object-page menu-item-47969\"><a href=\"https:\/\/www.auzeau.fr\/39-45\/france\/02-aisne\/02-urvilliers\/\">02 \u2013 Urvillers<\/a><\/li>\n<li id=\"menu-item-71175\" class=\"menu-item menu-item-type-post_type menu-item-object-page menu-item-71175\"><a href=\"https:\/\/www.auzeau.fr\/39-45\/france\/02-aisne\/02-vauxaillon-necropole-nationale\/\">02 \u2013 Vauxaillon N\u00e9cropole nationale<\/a><\/li>\n<li id=\"menu-item-71570\" class=\"menu-item menu-item-type-post_type menu-item-object-page menu-item-71570\"><a href=\"https:\/\/www.auzeau.fr\/39-45\/france\/02-aisne\/02-vierzy\/\">02 \u2013 Vierzy<\/a><\/li>\n<li id=\"menu-item-47970\" class=\"menu-item menu-item-type-post_type menu-item-object-page menu-item-47970\"><a href=\"https:\/\/www.auzeau.fr\/39-45\/france\/02-aisne\/02-vivieres\/\">02 \u2013 Vivi\u00e8res<\/a><\/li>\n<\/ul>\n<script type=\"text\/javascript\"> toolTips('.classtoolTips62','Passager<br\/><br\/>Passenger'); <\/script><script type=\"text\/javascript\"> toolTips('.classtoolTips90','Caporal<br\/><br\/>Corporal'); <\/script><script type=\"text\/javascript\"> toolTips('.classtoolTips96','Sergent<br\/><br\/>Sergeant'); <\/script><script type=\"text\/javascript\"> toolTips('.classtoolTips98','Colonel'); <\/script><script type=\"text\/javascript\"> toolTips('.classtoolTips110','Tu\u00e9 au combat<br\/><br\/>Killed In Action'); <\/script><script type=\"text\/javascript\"> toolTips('.classtoolTips126','Mort Pour la France'); <\/script><script type=\"text\/javascript\"> toolTips('.classtoolTips136','Arm\u00e9e de l\u2019Air Fran\u00e7aise'); <\/script><script type=\"text\/javascript\"> toolTips('.classtoolTips144','Royal Corps of Signals'); <\/script><script type=\"text\/javascript\"> toolTips('.classtoolTips151','Pilote<br\/><br\/>Pilot'); <\/script><script type=\"text\/javascript\"> toolTips('.classtoolTips153','Porucznik'); <\/script><script type=\"text\/javascript\"> toolTips('.classtoolTips158','Midshipman'); <\/script><script type=\"text\/javascript\"> toolTips('.classtoolTips185','Mitrailleur<br\/><br\/>Air Gunner'); <\/script><script type=\"text\/javascript\"> toolTips('.classtoolTips188','Bombardier<br\/><br\/>Air bomber'); <\/script><script type=\"text\/javascript\"> toolTips('.classtoolTips189','M\u00e9canicien volant<br\/><br\/>Flying Enginer'); <\/script><script type=\"text\/javascript\"> toolTips('.classtoolTips193','Royal Navy'); <\/script><script type=\"text\/javascript\"> toolTips('.classtoolTips196','second Ma\u00eetre'); <\/script><script type=\"text\/javascript\"> toolTips('.classtoolTips197','Aircraftman'); <\/script><script type=\"text\/javascript\"> toolTips('.classtoolTips199','Radio Officer'); <\/script><script type=\"text\/javascript\"> toolTips('.classtoolTips201','Lieutenant'); <\/script>","protected":false},"excerpt":{"rendered":"<p>Farman F403 n\u00b0 7482\/16 Immatriculation civile : F-AHOU Section des Estafettes 9\/101 Date : \u00a024 f\u00e9vrier 1940 Mission : \u00a0Vol d&#8217;essai D\u00e9collage : \u00a0 Causes de la perte : \u00a0Perte de contr\u00f4le Lieu de la perte : \u00a0Pr\u00e8s du Ch\u00e2teau \u00e0 Ardon-sous-Laon (02) Cpl Gaston Louis Ferdinand DUBOIS Pass AAF KIA MPF Compagnie de l&#8217;air [&hellip;]<\/p>\n","protected":false},"author":1,"featured_media":0,"parent":50,"menu_order":0,"comment_status":"closed","ping_status":"closed","template":"template-full-width Farman F400.php","meta":{"_lmt_disableupdate":"yes","_lmt_disable":"","footnotes":""},"categories":[3388],"tags":[3386],"wf_page_folders":[3107],"class_list":["post-70976","page","type-page","status-publish","hentry","category-farman-f403","tag-compagnie-de-lair-74-112"],"_links":{"self":[{"href":"https:\/\/www.auzeau.fr\/39-45\/wp-json\/wp\/v2\/pages\/70976","targetHints":{"allow":["GET"]}}],"collection":[{"href":"https:\/\/www.auzeau.fr\/39-45\/wp-json\/wp\/v2\/pages"}],"about":[{"href":"https:\/\/www.auzeau.fr\/39-45\/wp-json\/wp\/v2\/types\/page"}],"author":[{"embeddable":true,"href":"https:\/\/www.auzeau.fr\/39-45\/wp-json\/wp\/v2\/users\/1"}],"replies":[{"embeddable":true,"href":"https:\/\/www.auzeau.fr\/39-45\/wp-json\/wp\/v2\/comments?post=70976"}],"version-history":[{"count":0,"href":"https:\/\/www.auzeau.fr\/39-45\/wp-json\/wp\/v2\/pages\/70976\/revisions"}],"up":[{"embeddable":true,"href":"https:\/\/www.auzeau.fr\/39-45\/wp-json\/wp\/v2\/pages\/50"}],"wp:attachment":[{"href":"https:\/\/www.auzeau.fr\/39-45\/wp-json\/wp\/v2\/media?parent=70976"}],"wp:term":[{"taxonomy":"category","embeddable":true,"href":"https:\/\/www.auzeau.fr\/39-45\/wp-json\/wp\/v2\/categories?post=70976"},{"taxonomy":"post_tag","embeddable":true,"href":"https:\/\/www.auzeau.fr\/39-45\/wp-json\/wp\/v2\/tags?post=70976"},{"taxonomy":"wf_page_folders","embeddable":true,"href":"https:\/\/www.auzeau.fr\/39-45\/wp-json\/wp\/v2\/wf_page_folders?post=70976"}],"curies":[{"name":"wp","href":"https:\/\/api.w.org\/{rel}","templated":true}]}}