{"id":58887,"date":"2018-05-08T08:42:48","date_gmt":"2018-05-08T06:42:48","guid":{"rendered":"http:\/\/39-45.auzeau.fr\/39-45\/france\/67-bas-rhin\/67-strasbourg-necropole-nationale-2\/"},"modified":"2017-08-18T16:11:30","modified_gmt":"2017-08-18T16:11:30","slug":"67-strasbourg-necropole-nationale-2","status":"publish","type":"page","link":"https:\/\/www.auzeau.fr\/39-45\/france\/67-bas-rhin\/67-strasbourg-necropole-nationale-2\/","title":{"rendered":"67 &#8211; Strasbourg N\u00e9cropole Nationale"},"content":{"rendered":"<p><img fetchpriority=\"high\" decoding=\"async\" class=\"aligncenter size-full wp-image-58882\" title=\"Strasbourg_Cronenbourg\" src=\"https:\/\/www.auzeau.fr\/39-45\/wp-content\/uploads\/Cimetieres\/60 --\/67-Bas-Rhin\/Strasbourg\/Strasbourg_Cronenbourg.jpg\" alt=\"\" width=\"900\" height=\"450\" srcset=\"https:\/\/www.auzeau.fr\/39-45\/wp-content\/uploads\/Cimetieres\/60%20--\/67-Bas-Rhin\/Strasbourg\/Strasbourg_Cronenbourg.jpg 900w, https:\/\/www.auzeau.fr\/39-45\/wp-content\/uploads\/Cimetieres\/60%20--\/67-Bas-Rhin\/Strasbourg\/Strasbourg_Cronenbourg-300x150.jpg 300w, https:\/\/www.auzeau.fr\/39-45\/wp-content\/uploads\/Cimetieres\/60%20--\/67-Bas-Rhin\/Strasbourg\/Strasbourg_Cronenbourg-768x384.jpg 768w\" sizes=\"(max-width: 900px) 100vw, 900px\" \/><\/p>\n<table style=\"width: 100%;\" border=\"0\">\n<tbody>\n<tr>\n<td style=\"width: 5%;\"><\/td>\n<td style=\"width: 5%;\"><\/td>\n<td style=\"width: 5%;\"><\/td>\n<td style=\"width: 5%;\"><\/td>\n<td style=\"width: 5%;\"><\/td>\n<td style=\"width: 5%;\"><\/td>\n<td style=\"width: 5%;\"><\/td>\n<td style=\"width: 5%;\"><\/td>\n<td style=\"width: 5%;\"><\/td>\n<td style=\"width: 5%;\"><\/td>\n<td style=\"width: 5%;\"><\/td>\n<td style=\"width: 5%;\"><\/td>\n<td style=\"width: 5%;\"><\/td>\n<td style=\"width: 5%;\"><\/td>\n<td style=\"width: 5%;\"><\/td>\n<td style=\"width: 5%;\"><\/td>\n<td style=\"width: 5%;\"><\/td>\n<td style=\"width: 5%;\"><\/td>\n<td style=\"width: 5%;\"><\/td>\n<td style=\"width: 5%;\"><\/td>\n<\/tr>\n<tr>\n<td colspan=\"15\"><span style=\"color: #000000;\"><strong><span style=\"font-size: xx-large;\">Morane-Saulnier MS406 N\u00b0 379<\/span><\/strong><br \/>\nMatricule <span class='tooltipsall tooltipsincontent classtoolTips136'>AAF<\/span> : N-797<\/span><\/td>\n<td style=\"text-align: center;\" colspan=\"5\"><strong><span style=\"font-size: xx-large;\">GC I\/2<\/span><\/strong><br \/>\n<strong>\u00c9TAT MAJOR<\/strong><\/td>\n<\/tr>\n<tr style=\"height: 40px;\">\n<td style=\"text-align: right;\" colspan=\"2\"><span style=\"font-size: 14px;\"><strong>Date : <\/strong><\/span><\/td>\n<td colspan=\"5\"><span style=\"font-size: 14px;\"><em>07 avril 1940<br \/>\n<\/em><\/span><\/td>\n<td style=\"text-align: right;\" colspan=\"3\"><span style=\"font-size: 14px;\"><strong>Mission : <\/strong><\/span><\/td>\n<td colspan=\"10\"><span style=\"font-size: 14px;\">Protection d&#8217;un Potez 63.11 du GR I\/36<\/span><\/td>\n<\/tr>\n<tr style=\"height: 40px;\">\n<td><\/td>\n<td><\/td>\n<td style=\"text-align: right;\" colspan=\"5\"><span style=\"font-size: 14px;\"><strong>D\u00e9collage : <\/strong><\/span><\/td>\n<td colspan=\"10\"><span style=\"font-size: 14px;\"><em>Xaff\u00e9villiers (88)<\/em><\/span><\/td>\n<td><\/td>\n<td><\/td>\n<td><\/td>\n<\/tr>\n<tr style=\"height: 40px;\">\n<td><\/td>\n<td><\/td>\n<td style=\"text-align: right;\" colspan=\"5\"><span style=\"font-size: 14px;\"><strong>Causes de la perte : <\/strong><\/span><\/td>\n<td colspan=\"13\"><span style=\"font-size: 14px;\"><em>Abattu par un <span class='tooltipsall tooltipsincontent classtoolTips22'>Bf 110<\/span> (Oblt. Richard Seiler 1.\/JG 54) s&#8217;\u00e9jecte mais reste accroch\u00e9 par une sangle \u00e0 son appareil<\/em> <\/span><\/td>\n<\/tr>\n<tr style=\"height: 40px;\">\n<td><\/td>\n<td><\/td>\n<td style=\"text-align: right;\" colspan=\"5\"><span style=\"font-size: 14px;\"><strong>Lieu de la perte :<br \/>\n<\/strong><\/span><\/td>\n<td colspan=\"10\"><span style=\"font-size: 14px;\"><em>Route de Westhouse \u00e0 Reutenbourg (67)<\/em><\/span><\/td>\n<td><\/td>\n<td><\/td>\n<td><\/td>\n<\/tr>\n<tr style=\"height: 60px;\">\n<td><span style=\"font-size: 14px;\"><img decoding=\"async\" class=\"size-full wp-image-47214 alignleft\" title=\"France\" src=\"https:\/\/www.auzeau.fr\/39-45\/wp-content\/uploads\/images\/Drapeaux\/France.png\" alt=\"France\" width=\"40\" height=\"20\" \/><\/span><\/td>\n<td><span style=\"font-size: 14px;\"><span class='tooltipsall tooltipsincontent classtoolTips170'>Cne<\/span><\/span><\/td>\n<td colspan=\"5\"><span style=\"font-size: 14px;\">Maurice Marie St\u00e9phane<\/span><\/td>\n<td colspan=\"4\"><span style=\"font-size: 14px; color: #000000;\"><strong>VIDAL<\/strong><\/span><\/td>\n<td><span style=\"font-size: 14px;\"><span class='tooltipsall tooltipsincontent classtoolTips136'>AAF<\/span><\/span><\/td>\n<td colspan=\"2\"><\/td>\n<td><span style=\"font-size: 14px; color: #000000;\"><strong><span class='tooltipsall tooltipsincontent classtoolTips110'>KIA<\/span><\/strong><\/span><\/td>\n<td colspan=\"5\"><span style=\"color: #000000;\"><strong><span class='tooltipsall tooltipsincontent classtoolTips126'>MPF<\/span><\/strong><\/span><\/td>\n<\/tr>\n<\/tbody>\n<\/table>\n<div id='gallery-1' class='gallery galleryid-58887 gallery-columns-2 gallery-size-thumbnail'><figure class='gallery-item'>\n\t\t\t<div class='gallery-icon portrait'>\n\t\t\t\t<a title=\"Vidal\"  title=\"Vidal\"  href='https:\/\/www.auzeau.fr\/39-45\/wp-content\/uploads\/Cimetieres\/60%20--\/67-Bas-Rhin\/Strasbourg\/MS406\/Vidal_1.jpg'><img decoding=\"async\" width=\"150\" height=\"150\" src=\"https:\/\/www.auzeau.fr\/39-45\/wp-content\/uploads\/Cimetieres\/60 --\/67-Bas-Rhin\/Strasbourg\/MS406\/Vidal_1-150x150.jpg\" class=\"attachment-thumbnail size-thumbnail\" alt=\"\" srcset=\"https:\/\/www.auzeau.fr\/39-45\/wp-content\/uploads\/Cimetieres\/60%20--\/67-Bas-Rhin\/Strasbourg\/MS406\/Vidal_1-150x150.jpg 150w, https:\/\/www.auzeau.fr\/39-45\/wp-content\/uploads\/Cimetieres\/60%20--\/67-Bas-Rhin\/Strasbourg\/MS406\/Vidal_1-50x50.jpg 50w\" sizes=\"(max-width: 150px) 100vw, 150px\" \/><\/a>\n\t\t\t<\/div><\/figure><figure class='gallery-item'>\n\t\t\t<div class='gallery-icon landscape'>\n\t\t\t\t<a title=\"Vidal\"  title=\"Vidal\"  href='https:\/\/www.auzeau.fr\/39-45\/wp-content\/uploads\/Cimetieres\/60%20--\/67-Bas-Rhin\/Strasbourg\/MS406\/Vidal_2.jpg'><img loading=\"lazy\" decoding=\"async\" width=\"150\" height=\"150\" src=\"https:\/\/www.auzeau.fr\/39-45\/wp-content\/uploads\/Cimetieres\/60 --\/67-Bas-Rhin\/Strasbourg\/MS406\/Vidal_2-150x150.jpg\" class=\"attachment-thumbnail size-thumbnail\" alt=\"\" srcset=\"https:\/\/www.auzeau.fr\/39-45\/wp-content\/uploads\/Cimetieres\/60%20--\/67-Bas-Rhin\/Strasbourg\/MS406\/Vidal_2-150x150.jpg 150w, https:\/\/www.auzeau.fr\/39-45\/wp-content\/uploads\/Cimetieres\/60%20--\/67-Bas-Rhin\/Strasbourg\/MS406\/Vidal_2-50x50.jpg 50w\" sizes=\"(max-width: 150px) 100vw, 150px\" \/><\/a>\n\t\t\t<\/div><\/figure>\n\t\t<\/div>\n\n<p style=\"text-align: center;\"><span style=\"color: #000000;\"><strong><span style=\"font-size: xx-large;\">St\u00e8le \u00e0 Reutenbourg (67)<\/span><\/strong><\/span><\/p>\n<div id='gallery-2' class='gallery galleryid-58887 gallery-columns-2 gallery-size-thumbnail'><figure class='gallery-item'>\n\t\t\t<div class='gallery-icon portrait'>\n\t\t\t\t<a title=\"Stele_1\"  title=\"Stele_1\"  href='https:\/\/www.auzeau.fr\/39-45\/wp-content\/uploads\/Cimetieres\/60%20--\/67-Bas-Rhin\/Reutenbourg\/MS406\/Stele_1.jpg'><img loading=\"lazy\" decoding=\"async\" width=\"150\" height=\"150\" src=\"https:\/\/www.auzeau.fr\/39-45\/wp-content\/uploads\/Cimetieres\/60 --\/67-Bas-Rhin\/Reutenbourg\/MS406\/Stele_1-150x150.jpg\" class=\"attachment-thumbnail size-thumbnail\" alt=\"\" srcset=\"https:\/\/www.auzeau.fr\/39-45\/wp-content\/uploads\/Cimetieres\/60%20--\/67-Bas-Rhin\/Reutenbourg\/MS406\/Stele_1-150x150.jpg 150w, https:\/\/www.auzeau.fr\/39-45\/wp-content\/uploads\/Cimetieres\/60%20--\/67-Bas-Rhin\/Reutenbourg\/MS406\/Stele_1-50x50.jpg 50w\" sizes=\"(max-width: 150px) 100vw, 150px\" \/><\/a>\n\t\t\t<\/div><\/figure><figure class='gallery-item'>\n\t\t\t<div class='gallery-icon portrait'>\n\t\t\t\t<a title=\"Stele_2\"  title=\"Stele_2\"  href='https:\/\/www.auzeau.fr\/39-45\/wp-content\/uploads\/Cimetieres\/60%20--\/67-Bas-Rhin\/Reutenbourg\/MS406\/Stele_2.jpg'><img loading=\"lazy\" decoding=\"async\" width=\"150\" height=\"150\" src=\"https:\/\/www.auzeau.fr\/39-45\/wp-content\/uploads\/Cimetieres\/60 --\/67-Bas-Rhin\/Reutenbourg\/MS406\/Stele_2-150x150.jpg\" class=\"attachment-thumbnail size-thumbnail\" alt=\"\" srcset=\"https:\/\/www.auzeau.fr\/39-45\/wp-content\/uploads\/Cimetieres\/60%20--\/67-Bas-Rhin\/Reutenbourg\/MS406\/Stele_2-150x150.jpg 150w, https:\/\/www.auzeau.fr\/39-45\/wp-content\/uploads\/Cimetieres\/60%20--\/67-Bas-Rhin\/Reutenbourg\/MS406\/Stele_2-50x50.jpg 50w\" sizes=\"(max-width: 150px) 100vw, 150px\" \/><\/a>\n\t\t\t<\/div><\/figure>\n\t\t<\/div>\n\n<table style=\"background-color: #dcdcdc;\">\n<tbody>\n<tr>\n<td>\n<p style=\"text-align: center;\"><ul id=\"menu-67-strasbourg\" class=\"menu\"><li id=\"menu-item-58883\" class=\"menu-item menu-item-type-post_type menu-item-object-page menu-item-58883\"><a href=\"https:\/\/www.auzeau.fr\/39-45\/france\/67-bas-rhin\/67-strasbourg-necropole-nationale\/\">MB200 n\u00b0 162<\/a><\/li>\n<li id=\"menu-item-58907\" class=\"menu-item menu-item-type-post_type menu-item-object-page menu-item-58907\"><a href=\"https:\/\/www.auzeau.fr\/39-45\/france\/67-bas-rhin\/67-strasbourg-necropole-nationale-2\/\">MS406 N\u00b0 379<\/a><\/li>\n<li id=\"menu-item-58906\" class=\"menu-item menu-item-type-post_type menu-item-object-page menu-item-58906\"><a href=\"https:\/\/www.auzeau.fr\/39-45\/france\/67-bas-rhin\/67-strasbourg-necropole-nationale-3\/\">Lancaster HK568<\/a><\/li>\n<li id=\"menu-item-58905\" class=\"menu-item menu-item-type-post_type menu-item-object-page menu-item-58905\"><a href=\"https:\/\/www.auzeau.fr\/39-45\/france\/67-bas-rhin\/67-strasbourg-necropole-nationale-4\/\">Lancaster LL799<\/a><\/li>\n<li id=\"menu-item-58904\" class=\"menu-item menu-item-type-post_type menu-item-object-page menu-item-58904\"><a href=\"https:\/\/www.auzeau.fr\/39-45\/france\/67-bas-rhin\/67-strasbourg-necropole-nationale-5\/\">Lancaster LL962<\/a><\/li>\n<li id=\"menu-item-58902\" class=\"menu-item menu-item-type-post_type menu-item-object-page menu-item-58902\"><a href=\"https:\/\/www.auzeau.fr\/39-45\/france\/67-bas-rhin\/67-strasbourg-necropole-nationale-7\/\">B26 Marauder 42-107826<\/a><\/li>\n<li id=\"menu-item-58903\" class=\"menu-item menu-item-type-post_type menu-item-object-page menu-item-58903\"><a href=\"https:\/\/www.auzeau.fr\/39-45\/france\/67-bas-rhin\/67-strasbourg-necropole-nationale-6\/\">B26 Marauder 42-107827<\/a><\/li>\n<li id=\"menu-item-101405\" class=\"menu-item menu-item-type-post_type menu-item-object-page menu-item-101405\"><a href=\"https:\/\/www.auzeau.fr\/39-45\/france\/67-bas-rhin\/67-strasbourg-necropole-nationale-7-2\/\">Halifax MZ489<\/a><\/li>\n<li id=\"menu-item-104303\" class=\"menu-item menu-item-type-post_type menu-item-object-page menu-item-104303\"><a href=\"https:\/\/www.auzeau.fr\/39-45\/france\/67-bas-rhin\/67-strasbourg-necropole-nationale-11\/\">Spitfire ??<\/a><\/li>\n<li id=\"menu-item-102145\" class=\"menu-item menu-item-type-post_type menu-item-object-page menu-item-102145\"><a href=\"https:\/\/www.auzeau.fr\/39-45\/france\/67-bas-rhin\/67-strasbourg-necropole-nationale-10\/\">Spitfire PL202<\/a><\/li>\n<li id=\"menu-item-58901\" class=\"menu-item menu-item-type-post_type menu-item-object-page menu-item-58901\"><a href=\"https:\/\/www.auzeau.fr\/39-45\/france\/67-bas-rhin\/67-strasbourg-necropole-nationale-8\/\">Halifax NA547<\/a><\/li>\n<\/ul>\n<\/td>\n<\/tr>\n<\/tbody>\n<\/table>\n<hr \/>\n<p style=\"text-align: center;\"><ul id=\"menu-67-bas-rhin\" class=\"menu\"><li id=\"menu-item-58531\" class=\"menu-item menu-item-type-post_type menu-item-object-page menu-item-58531\"><a href=\"https:\/\/www.auzeau.fr\/39-45\/france\/67-bas-rhin\/67-artolsheim\/\">67 \u2013 Artolsheim<\/a><\/li>\n<li id=\"menu-item-58532\" class=\"menu-item menu-item-type-post_type menu-item-object-page menu-item-58532\"><a href=\"https:\/\/www.auzeau.fr\/39-45\/france\/67-bas-rhin\/67-colroy-la-roche\/\">67 \u2013 Colroy-la-Roche<\/a><\/li>\n<li id=\"menu-item-58533\" class=\"menu-item menu-item-type-post_type menu-item-object-page menu-item-58533\"><a href=\"https:\/\/www.auzeau.fr\/39-45\/france\/67-bas-rhin\/67-hagueneau-necropole-nationale\/\">67 \u2013 Hagueneau N\u00e9cropole Nationale<\/a><\/li>\n<li id=\"menu-item-58534\" class=\"menu-item menu-item-type-post_type menu-item-object-page menu-item-58534\"><a href=\"https:\/\/www.auzeau.fr\/39-45\/france\/67-bas-rhin\/67-hilsenheim\/\">67 \u2013 Hilsenheim<\/a><\/li>\n<li id=\"menu-item-58535\" class=\"menu-item menu-item-type-post_type menu-item-object-page menu-item-58535\"><a href=\"https:\/\/www.auzeau.fr\/39-45\/france\/67-bas-rhin\/67-hirschland\/\">67 \u2013 Hirschland<\/a><\/li>\n<li id=\"menu-item-58536\" class=\"menu-item menu-item-type-post_type menu-item-object-page menu-item-58536\"><a href=\"https:\/\/www.auzeau.fr\/39-45\/france\/67-bas-rhin\/67-mussig\/\">67 \u2013 Mussig<\/a><\/li>\n<li id=\"menu-item-58537\" class=\"menu-item menu-item-type-post_type menu-item-object-page menu-item-58537\"><a href=\"https:\/\/www.auzeau.fr\/39-45\/france\/67-bas-rhin\/67-ottrott\/\">67 \u2013 Ottrott<\/a><\/li>\n<li id=\"menu-item-58538\" class=\"menu-item menu-item-type-post_type menu-item-object-page menu-item-58538\"><a href=\"https:\/\/www.auzeau.fr\/39-45\/france\/67-bas-rhin\/67-ranrupt\/\">67 \u2013 Ranrupt N\u00e9cropole Nationale<\/a><\/li>\n<li id=\"menu-item-58539\" class=\"menu-item menu-item-type-post_type menu-item-object-page menu-item-58539\"><a href=\"https:\/\/www.auzeau.fr\/39-45\/france\/67-bas-rhin\/67-reutenbourg\/\">67 \u2013 Reutenbourg<\/a><\/li>\n<li id=\"menu-item-58540\" class=\"menu-item menu-item-type-post_type menu-item-object-page menu-item-58540\"><a href=\"https:\/\/www.auzeau.fr\/39-45\/france\/67-bas-rhin\/67-rimsdorf\/\">67 \u2013 Rimsdorf<\/a><\/li>\n<li id=\"menu-item-58541\" class=\"menu-item menu-item-type-post_type menu-item-object-page menu-item-58541\"><a href=\"https:\/\/www.auzeau.fr\/39-45\/france\/67-bas-rhin\/67-sarrewerden\/\">67 \u2013 Sarrewerden<\/a><\/li>\n<li id=\"menu-item-58542\" class=\"menu-item menu-item-type-post_type menu-item-object-page menu-item-58542\"><a href=\"https:\/\/www.auzeau.fr\/39-45\/france\/67-bas-rhin\/67-schoenau\/\">67 \u2013 Schoenau<\/a><\/li>\n<li id=\"menu-item-58543\" class=\"menu-item menu-item-type-post_type menu-item-object-page menu-item-58543\"><a href=\"https:\/\/www.auzeau.fr\/39-45\/france\/67-bas-rhin\/67-selestat\/\">67 \u2013 S\u00e9lestat<\/a><\/li>\n<li id=\"menu-item-58548\" class=\"menu-item menu-item-type-post_type menu-item-object-page menu-item-58548\"><a href=\"https:\/\/www.auzeau.fr\/39-45\/france\/67-bas-rhin\/67-sessenheim\/\">67 -Sessenheim<\/a><\/li>\n<li id=\"menu-item-58544\" class=\"menu-item menu-item-type-post_type menu-item-object-page menu-item-58544\"><a href=\"https:\/\/www.auzeau.fr\/39-45\/france\/67-bas-rhin\/67-soufflenheim\/\">67 \u2013 Soufflenheim<\/a><\/li>\n<li id=\"menu-item-58545\" class=\"menu-item menu-item-type-post_type menu-item-object-page menu-item-58545\"><a href=\"https:\/\/www.auzeau.fr\/39-45\/france\/67-bas-rhin\/67-strasbourg-necropole-nationale\/\">67 \u2013 Strasbourg N\u00e9cropole Nationale<\/a><\/li>\n<li id=\"menu-item-58546\" class=\"menu-item menu-item-type-post_type menu-item-object-page menu-item-58546\"><a href=\"https:\/\/www.auzeau.fr\/39-45\/france\/67-bas-rhin\/67-weyer\/\">67 \u2013 Weyer<\/a><\/li>\n<li id=\"menu-item-58547\" class=\"menu-item menu-item-type-post_type menu-item-object-page menu-item-58547\"><a href=\"https:\/\/www.auzeau.fr\/39-45\/france\/67-bas-rhin\/67-wintzenbach\/\">67 \u2013 Wintzenbach<\/a><\/li>\n<\/ul>\n<script type=\"text\/javascript\"> toolTips('.classtoolTips22','<img class=\"aligncenter size-full wp-image-65864\" title=\"Bf110\" src=\"https:\/\/www.auzeau.fr\/39-45\/wp-content\/uploads\/Avions\/Allemand\/Messerschmitt-Me110.jpg\" alt=\"\" width=\"442\" height=\"653\" \/>'); <\/script><script type=\"text\/javascript\"> toolTips('.classtoolTips89','Sergent-Chef'); <\/script><script type=\"text\/javascript\"> toolTips('.classtoolTips98','Colonel'); <\/script><script type=\"text\/javascript\"> toolTips('.classtoolTips110','Tu\u00e9 au combat<br\/><br\/>Killed In Action'); <\/script><script type=\"text\/javascript\"> toolTips('.classtoolTips126','Mort Pour la France'); <\/script><script type=\"text\/javascript\"> toolTips('.classtoolTips136','Arm\u00e9e de l\u2019Air Fran\u00e7aise'); <\/script><script type=\"text\/javascript\"> toolTips('.classtoolTips144','Royal Corps of Signals'); <\/script><script type=\"text\/javascript\"> toolTips('.classtoolTips149','Major'); <\/script><script type=\"text\/javascript\"> toolTips('.classtoolTips153','Porucznik'); <\/script><script type=\"text\/javascript\"> toolTips('.classtoolTips159','Signalman'); <\/script><script type=\"text\/javascript\"> toolTips('.classtoolTips162','Telegraphist'); <\/script><script type=\"text\/javascript\"> toolTips('.classtoolTips170','Capitaine'); <\/script><script type=\"text\/javascript\"> toolTips('.classtoolTips185','Mitrailleur<br\/><br\/>Air Gunner'); <\/script><script type=\"text\/javascript\"> toolTips('.classtoolTips188','Bombardier<br\/><br\/>Air bomber'); <\/script><script type=\"text\/javascript\"> toolTips('.classtoolTips189','M\u00e9canicien volant<br\/><br\/>Flying Enginer'); <\/script><script type=\"text\/javascript\"> toolTips('.classtoolTips197','Aircraftman'); <\/script><script type=\"text\/javascript\"> toolTips('.classtoolTips199','Radio Officer'); <\/script><script type=\"text\/javascript\"> toolTips('.classtoolTips201','Lieutenant'); <\/script>","protected":false},"excerpt":{"rendered":"<p>Morane-Saulnier MS406 N\u00b0 379 Matricule AAF : N-797 GC I\/2 \u00c9TAT MAJOR Date : 07 avril 1940 Mission : Protection d&#8217;un Potez 63.11 du GR I\/36 D\u00e9collage : Xaff\u00e9villiers (88) Causes de la perte : Abattu par un Bf 110 (Oblt. Richard Seiler 1.\/JG 54) s&#8217;\u00e9jecte mais reste accroch\u00e9 par une sangle \u00e0 son appareil [&hellip;]<\/p>\n","protected":false},"author":1,"featured_media":0,"parent":99,"menu_order":0,"comment_status":"closed","ping_status":"closed","template":"template-full-width MS415.php","meta":{"_lmt_disableupdate":"yes","_lmt_disable":"","footnotes":""},"categories":[929],"tags":[2029],"wf_page_folders":[3134],"class_list":["post-58887","page","type-page","status-publish","hentry","category-ms406","tag-gc-i-2"],"_links":{"self":[{"href":"https:\/\/www.auzeau.fr\/39-45\/wp-json\/wp\/v2\/pages\/58887","targetHints":{"allow":["GET"]}}],"collection":[{"href":"https:\/\/www.auzeau.fr\/39-45\/wp-json\/wp\/v2\/pages"}],"about":[{"href":"https:\/\/www.auzeau.fr\/39-45\/wp-json\/wp\/v2\/types\/page"}],"author":[{"embeddable":true,"href":"https:\/\/www.auzeau.fr\/39-45\/wp-json\/wp\/v2\/users\/1"}],"replies":[{"embeddable":true,"href":"https:\/\/www.auzeau.fr\/39-45\/wp-json\/wp\/v2\/comments?post=58887"}],"version-history":[{"count":0,"href":"https:\/\/www.auzeau.fr\/39-45\/wp-json\/wp\/v2\/pages\/58887\/revisions"}],"up":[{"embeddable":true,"href":"https:\/\/www.auzeau.fr\/39-45\/wp-json\/wp\/v2\/pages\/99"}],"wp:attachment":[{"href":"https:\/\/www.auzeau.fr\/39-45\/wp-json\/wp\/v2\/media?parent=58887"}],"wp:term":[{"taxonomy":"category","embeddable":true,"href":"https:\/\/www.auzeau.fr\/39-45\/wp-json\/wp\/v2\/categories?post=58887"},{"taxonomy":"post_tag","embeddable":true,"href":"https:\/\/www.auzeau.fr\/39-45\/wp-json\/wp\/v2\/tags?post=58887"},{"taxonomy":"wf_page_folders","embeddable":true,"href":"https:\/\/www.auzeau.fr\/39-45\/wp-json\/wp\/v2\/wf_page_folders?post=58887"}],"curies":[{"name":"wp","href":"https:\/\/api.w.org\/{rel}","templated":true}]}}