{"id":57336,"date":"2018-05-05T21:39:42","date_gmt":"2018-05-05T19:39:42","guid":{"rendered":"http:\/\/39-45.auzeau.fr\/39-45\/france\/60-oise\/60-boran-sur-oise-2\/"},"modified":"2018-05-14T15:41:06","modified_gmt":"2018-05-14T13:41:06","slug":"60-boran-sur-oise-2","status":"publish","type":"page","link":"https:\/\/www.auzeau.fr\/39-45\/france\/60-oise\/60-boran-sur-oise-2\/","title":{"rendered":"60 &#8211; Boran-sur-Oise"},"content":{"rendered":"<p><img fetchpriority=\"high\" decoding=\"async\" class=\"aligncenter size-full wp-image-57310\" title=\"Boran_sur_Oise\" src=\"https:\/\/www.auzeau.fr\/39-45\/wp-content\/uploads\/Cimetieres\/31 -- 60\/60-Oise\/Boran\/Boran_sur_Oise.jpg\" alt=\"\" width=\"900\" height=\"398\" srcset=\"https:\/\/www.auzeau.fr\/39-45\/wp-content\/uploads\/Cimetieres\/31%20--%2060\/60-Oise\/Boran\/Boran_sur_Oise.jpg 900w, https:\/\/www.auzeau.fr\/39-45\/wp-content\/uploads\/Cimetieres\/31%20--%2060\/60-Oise\/Boran\/Boran_sur_Oise-300x133.jpg 300w, https:\/\/www.auzeau.fr\/39-45\/wp-content\/uploads\/Cimetieres\/31%20--%2060\/60-Oise\/Boran\/Boran_sur_Oise-768x340.jpg 768w\" sizes=\"(max-width: 900px) 100vw, 900px\" \/><\/p>\n<table style=\"width: 100%;\">\n<tbody>\n<tr>\n<td style=\"width: 5%;\"><a name=\"ME745\"><\/a><\/td>\n<td style=\"width: 5%;\"><\/td>\n<td style=\"width: 5%;\"><\/td>\n<td style=\"width: 5%;\"><\/td>\n<td style=\"width: 5%;\"><\/td>\n<td style=\"width: 5%;\"><\/td>\n<td style=\"width: 5%;\"><\/td>\n<td style=\"width: 5%;\"><\/td>\n<td style=\"width: 5%;\"><\/td>\n<td style=\"width: 5%;\"><\/td>\n<td style=\"width: 5%;\"><\/td>\n<td style=\"width: 5%;\"><\/td>\n<td style=\"width: 5%;\"><\/td>\n<td style=\"width: 5%;\"><\/td>\n<td style=\"width: 5%;\"><\/td>\n<td style=\"width: 5%;\"><\/td>\n<td style=\"width: 5%;\"><\/td>\n<td style=\"width: 5%;\"><\/td>\n<td style=\"width: 5%;\"><\/td>\n<td style=\"width: 5%;\"><\/td>\n<\/tr>\n<tr>\n<td colspan=\"15\"><strong><span style=\"font-size: xx-large;\"><span style=\"color: #000000;\">Lancaster ME745 PG-L<\/span><br \/>\n<\/span><\/strong><\/td>\n<td colspan=\"5\">\n<p style=\"text-align: center;\"><strong><span style=\"font-size: xx-large;\">619 Sqn<br \/>\n<\/span><\/strong><\/p>\n<\/td>\n<\/tr>\n<tr style=\"height: 40px;\">\n<td style=\"text-align: right;\" colspan=\"2\"><span style=\"font-size: 14px;\"> <strong>Date :<br \/>\n<\/strong><\/span><\/td>\n<td colspan=\"5\"><span style=\"font-size: 14px;\"><em> 8 juillet 1944<br \/>\n<\/em><\/span><\/td>\n<td><\/td>\n<td style=\"text-align: right;\" colspan=\"2\"><span style=\"font-size: 14px;\"><strong>Mission : <\/strong><\/span><\/td>\n<td colspan=\"10\"><span style=\"font-size: 14px;\"><em>Bombardement du site <span class='tooltipsall tooltipsincontent classtoolTips192'>V1<\/span> de St Leu d&#8217;Esserent (60)<br \/>\n<\/em><\/span><\/td>\n<\/tr>\n<tr style=\"height: 40px;\">\n<td><\/td>\n<td><\/td>\n<td style=\"text-align: right;\" colspan=\"5\"><span style=\"font-size: 14px;\"><strong>D\u00e9collage :<br \/>\n<\/strong><\/span><\/td>\n<td colspan=\"10\"><span style=\"font-size: 14px;\"><em> Dunholme Lodge \u00e0 22:20<br \/>\n<\/em><\/span><\/td>\n<td><\/td>\n<td><\/td>\n<td><\/td>\n<\/tr>\n<tr style=\"height: 40px;\">\n<td><\/td>\n<td><\/td>\n<td style=\"text-align: right;\" colspan=\"5\"><span style=\"font-size: 14px;\"><strong>Causes de la perte :<br \/>\n<\/strong><\/span><\/td>\n<td colspan=\"10\"><span style=\"font-size: 14px;\"><em> Abattu par la chasse de nuit<br \/>\n<\/em><\/span><\/td>\n<td><\/td>\n<td><\/td>\n<td><\/td>\n<\/tr>\n<tr style=\"height: 40px;\">\n<td><\/td>\n<td><\/td>\n<td style=\"text-align: right;\" colspan=\"5\"><span style=\"font-size: 14px;\"><strong>Lieu de la perte : <\/strong><\/span><\/td>\n<td colspan=\"10\"><span style=\"font-size: 14px;\"><em> Pr\u00e9cy sur Oise (60)<br \/>\n<\/em><\/span><\/td>\n<td><\/td>\n<td><\/td>\n<td><\/td>\n<\/tr>\n<tr style=\"height: 60px;\">\n<td><span style=\"font-size: 14px;\"><img decoding=\"async\" class=\"size-full wp-image-47215 alignleft\" title=\"Royaume Uni\" src=\"https:\/\/www.auzeau.fr\/39-45\/wp-content\/uploads\/images\/Drapeaux\/Angleterre.png\" alt=\"Royaume-Uni\" width=\"40\" height=\"20\" \/><\/span><\/td>\n<td><span style=\"font-size: 14px;\"><span class='tooltipsall tooltipsincontent classtoolTips96'>Sgt<\/span><\/span><\/td>\n<td colspan=\"5\"><span style=\"font-size: 14px;\">W.A.<\/span><\/td>\n<td colspan=\"4\"><span style=\"font-size: 14px; color: #000000;\"><strong>CLARK<\/strong><\/span><\/td>\n<td><span style=\"font-size: 14px;\"><span class='tooltipsall tooltipsincontent classtoolTips45'>RAFVR<\/span><\/span><\/td>\n<td colspan=\"2\"><span style=\"font-size: 14px;\">1571071<\/span><\/td>\n<td><span style=\"font-size: 14px;\"><span class='tooltipsall tooltipsincontent classtoolTips134'>EVA<\/span><\/span><\/td>\n<td colspan=\"5\"><\/td>\n<\/tr>\n<tr style=\"height: 60px;\">\n<td><span style=\"font-size: 14px;\"><img decoding=\"async\" class=\"size-full wp-image-47215 alignleft\" title=\"Royaume Uni\" src=\"https:\/\/www.auzeau.fr\/39-45\/wp-content\/uploads\/images\/Drapeaux\/Angleterre.png\" alt=\"Royaume-Uni\" width=\"40\" height=\"20\" \/><\/span><\/td>\n<td><span style=\"font-size: 14px;\"><span class='tooltipsall tooltipsincontent classtoolTips19'>Fg Off<\/span><\/span><\/td>\n<td colspan=\"5\"><span style=\"font-size: 14px;\">Michael Alex<\/span><\/td>\n<td colspan=\"4\"><span style=\"font-size: 14px; color: #000000;\"><strong>COCKREAN<\/strong><\/span><\/td>\n<td><span style=\"font-size: 14px;\"><span class='tooltipsall tooltipsincontent classtoolTips45'>RAFVR<\/span><\/span><\/td>\n<td colspan=\"2\"><span style=\"font-size: 14px;\">1332060<\/span><\/td>\n<td><span style=\"font-size: 14px;\"><span class='tooltipsall tooltipsincontent classtoolTips134'>EVA<\/span><\/span><\/td>\n<td colspan=\"5\"><\/td>\n<\/tr>\n<tr style=\"height: 60px;\">\n<td><span style=\"font-size: 14px;\"><img decoding=\"async\" class=\"size-full wp-image-47228 alignleft\" title=\"Australie\" src=\"https:\/\/www.auzeau.fr\/39-45\/wp-content\/uploads\/images\/Drapeaux\/Australie.png\" alt=\"Australie\" width=\"40\" height=\"20\" \/><br \/>\n<\/span><\/td>\n<td><span style=\"font-size: 14px;\"><span class='tooltipsall tooltipsincontent classtoolTips19'>Fg Off<\/span><\/span><\/td>\n<td colspan=\"5\"><span style=\"font-size: 14px;\">Douglas Wells<\/span><\/td>\n<td colspan=\"4\"><span style=\"font-size: 14px; color: #000000;\"><strong>COTTEE<\/strong><\/span><\/td>\n<td><span style=\"font-size: 14px;\"><span class='tooltipsall tooltipsincontent classtoolTips77'>RAAF<\/span><\/span><\/td>\n<td colspan=\"2\"><span style=\"font-size: 14px;\">426546<\/span><\/td>\n<td><span style=\"font-size: 14px;\"><span class='tooltipsall tooltipsincontent classtoolTips134'>EVA<\/span><\/span><\/td>\n<td colspan=\"5\"><\/td>\n<\/tr>\n<tr style=\"height: 60px;\">\n<td><span style=\"font-size: 14px;\"><img decoding=\"async\" class=\"size-full wp-image-47215 alignleft\" title=\"Royaume Uni\" src=\"https:\/\/www.auzeau.fr\/39-45\/wp-content\/uploads\/images\/Drapeaux\/Angleterre.png\" alt=\"Royaume-Uni\" width=\"40\" height=\"20\" \/><\/span><\/td>\n<td><span style=\"font-size: 14px;\"><span class='tooltipsall tooltipsincontent classtoolTips33'>Flt <span class='tooltipsall tooltipsincontent classtoolTips201'>Lt<\/span><\/span><\/span><\/td>\n<td colspan=\"5\"><span style=\"font-size: 14px;\">Crochley Charles<\/span><\/td>\n<td colspan=\"4\"><span style=\"font-size: 14px; color: #000000;\"><strong>JOHNSTON<\/strong><\/span><\/td>\n<td><span style=\"font-size: 14px;\"><span class='tooltipsall tooltipsincontent classtoolTips45'>RAFVR<\/span><\/span><\/td>\n<td colspan=\"2\"><span style=\"font-size: 14px;\">81926<\/span><\/td>\n<td><span style=\"font-size: 14px;\"><span class='tooltipsall tooltipsincontent classtoolTips134'>EVA<\/span><\/span><\/td>\n<td colspan=\"5\"><\/td>\n<\/tr>\n<tr style=\"height: 60px;\">\n<td><span style=\"font-size: 14px;\"><img decoding=\"async\" class=\"size-full wp-image-47215 alignleft\" title=\"Royaume Uni\" src=\"https:\/\/www.auzeau.fr\/39-45\/wp-content\/uploads\/images\/Drapeaux\/Angleterre.png\" alt=\"Royaume-Uni\" width=\"40\" height=\"20\" \/><\/span><\/td>\n<td><span style=\"font-size: 14px;\"><span class='tooltipsall tooltipsincontent classtoolTips33'>Flt <span class='tooltipsall tooltipsincontent classtoolTips201'>Lt<\/span><\/span><\/span><\/td>\n<td colspan=\"5\"><span style=\"font-size: 14px;\">Thomas James<\/span><\/td>\n<td colspan=\"4\"><span style=\"font-size: 14px; color: #000000;\"><strong>LATUS<\/strong><\/span><\/td>\n<td><span style=\"font-size: 14px;\"><span class='tooltipsall tooltipsincontent classtoolTips45'>RAFVR<\/span><\/span><\/td>\n<td colspan=\"2\"><span style=\"font-size: 14px;\">117473<\/span><\/td>\n<td><span style=\"font-size: 14px;\"><span class='tooltipsall tooltipsincontent classtoolTips134'>EVA<\/span><\/span><\/td>\n<td colspan=\"5\"><\/td>\n<\/tr>\n<tr style=\"height: 60px;\">\n<td><span style=\"font-size: 14px;\"><img decoding=\"async\" class=\"size-full wp-image-47215 alignleft\" title=\"Royaume Uni\" src=\"https:\/\/www.auzeau.fr\/39-45\/wp-content\/uploads\/images\/Drapeaux\/Angleterre.png\" alt=\"Royaume-Uni\" width=\"40\" height=\"20\" \/><\/span><\/td>\n<td><span style=\"font-size: 14px;\"><span class='tooltipsall tooltipsincontent classtoolTips183'>FS<\/span><\/span><\/td>\n<td colspan=\"5\"><span style=\"font-size: 14px;\">Bernard<\/span><\/td>\n<td colspan=\"4\"><span style=\"font-size: 14px; color: #000000;\"><strong>McDONAGH<\/strong><\/span><\/td>\n<td><span style=\"font-size: 14px;\"><span class='tooltipsall tooltipsincontent classtoolTips45'>RAFVR<\/span><\/span><\/td>\n<td colspan=\"2\"><span style=\"font-size: 14px;\">1332060<\/span><\/td>\n<td><span style=\"font-size: 14px; color: #000000;\"><strong><span class='tooltipsall tooltipsincontent classtoolTips110'>KIA<\/span><\/strong><\/span><\/td>\n<td colspan=\"5\"><\/td>\n<\/tr>\n<tr style=\"height: 60px;\">\n<td><span style=\"font-size: 14px;\"><img loading=\"lazy\" decoding=\"async\" class=\"size-full wp-image-47210 alignleft\" title=\"Canada\" src=\"https:\/\/www.auzeau.fr\/39-45\/wp-content\/uploads\/images\/Drapeaux\/Canada.png\" alt=\"\" width=\"40\" height=\"20\" \/><\/span><\/td>\n<td><span style=\"font-size: 14px;\"><span class='tooltipsall tooltipsincontent classtoolTips96'>Sgt<\/span><\/span><\/td>\n<td colspan=\"5\"><span style=\"font-size: 14px;\">Johnston Irwin Stewart &#8220;Jack&#8221;<\/span><\/td>\n<td colspan=\"4\"><span style=\"font-size: 14px; color: #000000;\"><strong>PATTERSON<\/strong><\/span><\/td>\n<td><span style=\"font-size: 14px;\"><span class='tooltipsall tooltipsincontent classtoolTips78'>RCAF<\/span><\/span><\/td>\n<td colspan=\"2\"><span style=\"font-size: 14px;\">R\/216287<\/span><\/td>\n<td><span style=\"font-size: 14px; color: #000000;\"><strong><span class='tooltipsall tooltipsincontent classtoolTips110'>KIA<\/span><\/strong><\/span><\/td>\n<td colspan=\"5\"><\/td>\n<\/tr>\n<tr>\n<td colspan=\"20\" height=\"20\"><\/td>\n<\/tr>\n<tr>\n<td colspan=\"20\"><div id='gallery-1' class='gallery galleryid-57336 gallery-columns-2 gallery-size-thumbnail'><figure class='gallery-item'>\n\t\t\t<div class='gallery-icon portrait'>\n\t\t\t\t<a title=\"B._McDONAGH_-_1332060\"  title=\"B._McDONAGH_-_1332060\"  href='https:\/\/www.auzeau.fr\/39-45\/wp-content\/uploads\/Cimetieres\/31%20--%2060\/60-Oise\/Boran\/ME745\/B._McDONAGH_-_1332060.jpg'><img loading=\"lazy\" decoding=\"async\" width=\"150\" height=\"150\" src=\"https:\/\/www.auzeau.fr\/39-45\/wp-content\/uploads\/Cimetieres\/31 -- 60\/60-Oise\/Boran\/ME745\/B._McDONAGH_-_1332060-150x150.jpg\" class=\"attachment-thumbnail size-thumbnail\" alt=\"\" srcset=\"https:\/\/www.auzeau.fr\/39-45\/wp-content\/uploads\/Cimetieres\/31%20--%2060\/60-Oise\/Boran\/ME745\/B._McDONAGH_-_1332060-150x150.jpg 150w, https:\/\/www.auzeau.fr\/39-45\/wp-content\/uploads\/Cimetieres\/31%20--%2060\/60-Oise\/Boran\/ME745\/B._McDONAGH_-_1332060-50x50.jpg 50w\" sizes=\"(max-width: 150px) 100vw, 150px\" \/><\/a>\n\t\t\t<\/div><\/figure><figure class='gallery-item'>\n\t\t\t<div class='gallery-icon portrait'>\n\t\t\t\t<a title=\"Sgt_J.I.S._Jack_PATTERSON_-_R216287\"  title=\"Sgt_J.I.S._Jack_PATTERSON_-_R216287\"  href='https:\/\/www.auzeau.fr\/39-45\/wp-content\/uploads\/Cimetieres\/31%20--%2060\/60-Oise\/Boran\/ME745\/Sgt_J.I.S._Jack_PATTERSON_-_R216287.jpg'><img loading=\"lazy\" decoding=\"async\" width=\"150\" height=\"150\" src=\"https:\/\/www.auzeau.fr\/39-45\/wp-content\/uploads\/Cimetieres\/31 -- 60\/60-Oise\/Boran\/ME745\/Sgt_J.I.S._Jack_PATTERSON_-_R216287-150x150.jpg\" class=\"attachment-thumbnail size-thumbnail\" alt=\"\" srcset=\"https:\/\/www.auzeau.fr\/39-45\/wp-content\/uploads\/Cimetieres\/31%20--%2060\/60-Oise\/Boran\/ME745\/Sgt_J.I.S._Jack_PATTERSON_-_R216287-150x150.jpg 150w, https:\/\/www.auzeau.fr\/39-45\/wp-content\/uploads\/Cimetieres\/31%20--%2060\/60-Oise\/Boran\/ME745\/Sgt_J.I.S._Jack_PATTERSON_-_R216287-50x50.jpg 50w\" sizes=\"(max-width: 150px) 100vw, 150px\" \/><\/a>\n\t\t\t<\/div><\/figure>\n\t\t<\/div>\n<\/td>\n<\/tr>\n<\/tbody>\n<\/table>\n<table>\n<tbody>\n<tr>\n<td style=\"background-color: #dcdcdc; text-align: center; vertical-align: middle;\">\n<p style=\"text-align: center;\"><ul id=\"menu-60-boran\" class=\"menu\"><li id=\"menu-item-57333\" class=\"menu-item menu-item-type-post_type menu-item-object-page menu-item-57333\"><a href=\"https:\/\/www.auzeau.fr\/39-45\/france\/60-oise\/60-boran-sur-oise\/\">Bloch MB152 n\u00b0551<\/a><\/li>\n<li id=\"menu-item-57350\" class=\"menu-item menu-item-type-post_type menu-item-object-page menu-item-57350\"><a href=\"https:\/\/www.auzeau.fr\/39-45\/france\/60-oise\/60-boran-sur-oise-2\/\">Lancaster ME745<\/a><\/li>\n<li id=\"menu-item-57349\" class=\"menu-item menu-item-type-post_type menu-item-object-page menu-item-57349\"><a href=\"https:\/\/www.auzeau.fr\/39-45\/france\/60-oise\/60-boran-sur-oise-3\/\">Halifax LW572<\/a><\/li>\n<li id=\"menu-item-57348\" class=\"menu-item menu-item-type-post_type menu-item-object-page menu-item-57348\"><a href=\"https:\/\/www.auzeau.fr\/39-45\/france\/60-oise\/60-boran-sur-oise-4\/\">Lancaster ME853<\/a><\/li>\n<li id=\"menu-item-57347\" class=\"menu-item menu-item-type-post_type menu-item-object-page menu-item-57347\"><a href=\"https:\/\/www.auzeau.fr\/39-45\/france\/60-oise\/60-boran-sur-oise-5\/\">Lancaster ND346<\/a><\/li>\n<li id=\"menu-item-57346\" class=\"menu-item menu-item-type-post_type menu-item-object-page menu-item-57346\"><a href=\"https:\/\/www.auzeau.fr\/39-45\/france\/60-oise\/60-boran-sur-oise-6\/\">Halifax LV959<\/a><\/li>\n<\/ul>\n<\/td>\n<\/tr>\n<\/tbody>\n<\/table>\n<hr \/>\n<p style=\"text-align: center;\"><ul id=\"menu-60-oise\" class=\"menu\"><li id=\"menu-item-102880\" class=\"menu-item menu-item-type-post_type menu-item-object-page menu-item-102880\"><a href=\"https:\/\/www.auzeau.fr\/39-45\/france\/60-oise\/60-auger-saint-vincent\/\">60 \u2013 Auger-Saint-Vincent<\/a><\/li>\n<li id=\"menu-item-56871\" class=\"menu-item menu-item-type-post_type menu-item-object-page menu-item-56871\"><a href=\"https:\/\/www.auzeau.fr\/39-45\/france\/60-oise\/60-beaumont-les-nonains\/\">60 \u2013 Beaumont-les-Nonains<\/a><\/li>\n<li id=\"menu-item-102879\" class=\"menu-item menu-item-type-post_type menu-item-object-page menu-item-102879\"><a href=\"https:\/\/www.auzeau.fr\/39-45\/france\/60-oise\/60-beaurepaire\/\">60 \u2013 Beaurepaire<\/a><\/li>\n<li id=\"menu-item-56872\" class=\"menu-item menu-item-type-post_type menu-item-object-page menu-item-56872\"><a href=\"https:\/\/www.auzeau.fr\/39-45\/france\/60-oise\/60-beauvais-necropole-nationale\/\">60 \u2013 Beauvais N\u00e9cropole Nationale<\/a><\/li>\n<li id=\"menu-item-56873\" class=\"menu-item menu-item-type-post_type menu-item-object-page menu-item-56873\"><a href=\"https:\/\/www.auzeau.fr\/39-45\/france\/60-oise\/60-belloy\/\">60 \u2013 Belloy<\/a><\/li>\n<li id=\"menu-item-56874\" class=\"menu-item menu-item-type-post_type menu-item-object-page menu-item-56874\"><a href=\"https:\/\/www.auzeau.fr\/39-45\/france\/60-oise\/60-blargies\/\">60 \u2013 Blargies<\/a><\/li>\n<li id=\"menu-item-56875\" class=\"menu-item menu-item-type-post_type menu-item-object-page menu-item-56875\"><a href=\"https:\/\/www.auzeau.fr\/39-45\/france\/60-oise\/60-boran-sur-oise\/\">60 \u2013 Boran-sur-Oise<\/a><\/li>\n<li id=\"menu-item-56876\" class=\"menu-item menu-item-type-post_type menu-item-object-page menu-item-56876\"><a href=\"https:\/\/www.auzeau.fr\/39-45\/france\/60-oise\/60-cambronne-les-ribecourt-necropole-nationale\/\">60 \u2013 Cambronne-l\u00e8s-Ribecourt N\u00e9cropole Nationale<\/a><\/li>\n<li id=\"menu-item-56877\" class=\"menu-item menu-item-type-post_type menu-item-object-page menu-item-56877\"><a href=\"https:\/\/www.auzeau.fr\/39-45\/france\/60-oise\/60-campagne\/\">60 \u2013 Campagne<\/a><\/li>\n<li id=\"menu-item-56878\" class=\"menu-item menu-item-type-post_type menu-item-object-page menu-item-56878\"><a href=\"https:\/\/www.auzeau.fr\/39-45\/france\/60-oise\/60-chantilly\/\">60 \u2013 Chantilly<\/a><\/li>\n<li id=\"menu-item-56879\" class=\"menu-item menu-item-type-post_type menu-item-object-page menu-item-56879\"><a href=\"https:\/\/www.auzeau.fr\/39-45\/france\/60-oise\/60-courcelles-les-gisors\/\">60 \u2013 Courcelles-les-Gisors<\/a><\/li>\n<li id=\"menu-item-56880\" class=\"menu-item menu-item-type-post_type menu-item-object-page menu-item-56880\"><a href=\"https:\/\/www.auzeau.fr\/39-45\/france\/60-oise\/60-cramoisy\/\">60 \u2013 Cramoisy<\/a><\/li>\n<li id=\"menu-item-56881\" class=\"menu-item menu-item-type-post_type menu-item-object-page menu-item-56881\"><a href=\"https:\/\/www.auzeau.fr\/39-45\/france\/60-oise\/60-creil\/\">60 \u2013 Creil<\/a><\/li>\n<li id=\"menu-item-71582\" class=\"menu-item menu-item-type-post_type menu-item-object-page menu-item-71582\"><a href=\"https:\/\/www.auzeau.fr\/39-45\/france\/60-oise\/60-feigneux\/\">60 \u2013 Feigneux<\/a><\/li>\n<li id=\"menu-item-56882\" class=\"menu-item menu-item-type-post_type menu-item-object-page menu-item-56882\"><a href=\"https:\/\/www.auzeau.fr\/39-45\/france\/60-oise\/60-flavacourt\/\">60 \u2013 Flavacourt<\/a><\/li>\n<li id=\"menu-item-71580\" class=\"menu-item menu-item-type-post_type menu-item-object-page menu-item-71580\"><a href=\"https:\/\/www.auzeau.fr\/39-45\/france\/60-oise\/60-fresnoy-la-riviere\/\">60 \u2013 Fresnoy-la-Rivi\u00e8re<\/a><\/li>\n<li id=\"menu-item-56883\" class=\"menu-item menu-item-type-post_type menu-item-object-page menu-item-56883\"><a href=\"https:\/\/www.auzeau.fr\/39-45\/france\/60-oise\/60-gannes\/\">60 \u2013 Gannes<\/a><\/li>\n<li id=\"menu-item-56884\" class=\"menu-item menu-item-type-post_type menu-item-object-page menu-item-56884\"><a href=\"https:\/\/www.auzeau.fr\/39-45\/france\/60-oise\/60-lannoy-lacuillere\/\">60 \u2013 Lannoy-Lacuill\u00e8re<\/a><\/li>\n<li id=\"menu-item-56885\" class=\"menu-item menu-item-type-post_type menu-item-object-page menu-item-56885\"><a href=\"https:\/\/www.auzeau.fr\/39-45\/france\/60-oise\/60-moliens\/\">60 \u2013 Moliens<\/a><\/li>\n<li id=\"menu-item-71581\" class=\"menu-item menu-item-type-post_type menu-item-object-page menu-item-71581\"><a href=\"https:\/\/www.auzeau.fr\/39-45\/france\/60-oise\/60-morienval\/\">60 \u2013 Morienval<\/a><\/li>\n<li id=\"menu-item-56886\" class=\"menu-item menu-item-type-post_type menu-item-object-page menu-item-56886\"><a href=\"https:\/\/www.auzeau.fr\/39-45\/france\/60-oise\/60-moulin-sous-touvent\/\">60 \u2013 Moulin-sous-Touvent<\/a><\/li>\n<li id=\"menu-item-56887\" class=\"menu-item menu-item-type-post_type menu-item-object-page menu-item-56887\"><a href=\"https:\/\/www.auzeau.fr\/39-45\/france\/60-oise\/60-orry-la-ville-cimetiere-militaire-neerlandais\/\">60 \u2013 Orry-la-Ville Cimeti\u00e8re militaire n\u00e9erlandais<\/a><\/li>\n<li id=\"menu-item-56888\" class=\"menu-item menu-item-type-post_type menu-item-object-page menu-item-56888\"><a href=\"https:\/\/www.auzeau.fr\/39-45\/france\/60-oise\/60-quinquempoix\/\">60 \u2013 Quinquempoix<\/a><\/li>\n<li id=\"menu-item-56889\" class=\"menu-item menu-item-type-post_type menu-item-object-page menu-item-56889\"><a href=\"https:\/\/www.auzeau.fr\/39-45\/france\/60-oise\/60-remy\/\">60 \u2013 R\u00e9my<\/a><\/li>\n<li id=\"menu-item-56890\" class=\"menu-item menu-item-type-post_type menu-item-object-page menu-item-56890\"><a href=\"https:\/\/www.auzeau.fr\/39-45\/france\/60-oise\/60-ricquebourg\/\">60 \u2013 Ricquebourg<\/a><\/li>\n<li id=\"menu-item-56891\" class=\"menu-item menu-item-type-post_type menu-item-object-page menu-item-56891\"><a href=\"https:\/\/www.auzeau.fr\/39-45\/france\/60-oise\/60-romescamps\/\">60 \u2013 Romescamps<\/a><\/li>\n<li id=\"menu-item-56892\" class=\"menu-item menu-item-type-post_type menu-item-object-page menu-item-56892\"><a href=\"https:\/\/www.auzeau.fr\/39-45\/france\/60-oise\/60-sains-morainvillers\/\">60 \u2013 Sains-Morainvillers<\/a><\/li>\n<li id=\"menu-item-56893\" class=\"menu-item menu-item-type-post_type menu-item-object-page menu-item-56893\"><a href=\"https:\/\/www.auzeau.fr\/39-45\/france\/60-oise\/60-sainte-genevieve\/\">60 \u2013 Sainte Genevi\u00e8ve<\/a><\/li>\n<li id=\"menu-item-56894\" class=\"menu-item menu-item-type-post_type menu-item-object-page menu-item-56894\"><a href=\"https:\/\/www.auzeau.fr\/39-45\/france\/60-oise\/60-senantes\/\">60 \u2013 Senantes<\/a><\/li>\n<li id=\"menu-item-56895\" class=\"menu-item menu-item-type-post_type menu-item-object-page menu-item-56895\"><a href=\"https:\/\/www.auzeau.fr\/39-45\/france\/60-oise\/60-senlis-necropole-nationale\/\">60 \u2013 Senlis N\u00e9cropole Nationale<\/a><\/li>\n<li id=\"menu-item-56896\" class=\"menu-item menu-item-type-post_type menu-item-object-page menu-item-56896\"><a href=\"https:\/\/www.auzeau.fr\/39-45\/france\/60-oise\/60-thiescourt-necropole-nationale\/\">60 \u2013 Thiescourt N\u00e9cropole Nationale<\/a><\/li>\n<li id=\"menu-item-56897\" class=\"menu-item menu-item-type-post_type menu-item-object-page menu-item-56897\"><a href=\"https:\/\/www.auzeau.fr\/39-45\/france\/60-oise\/60-thieux\/\">60 \u2013 Thieux<\/a><\/li>\n<li id=\"menu-item-56898\" class=\"menu-item menu-item-type-post_type menu-item-object-page menu-item-56898\"><a href=\"https:\/\/www.auzeau.fr\/39-45\/france\/60-oise\/60-trie-la-ville\/\">60 \u2013 Trie-la-Ville<\/a><\/li>\n<\/ul>\n<script type=\"text\/javascript\"> toolTips('.classtoolTips19','Flying Officer'); <\/script><script type=\"text\/javascript\"> toolTips('.classtoolTips33','Flight Lieutenant'); <\/script><script type=\"text\/javascript\"> toolTips('.classtoolTips45','Royal Air Force Volunteer Reserve'); <\/script><script type=\"text\/javascript\"> toolTips('.classtoolTips77','Royal Australian Air Force'); <\/script><script type=\"text\/javascript\"> toolTips('.classtoolTips78','Aviation Royale Canadienne<br\/><br\/>Royal Canadian Air Force'); <\/script><script type=\"text\/javascript\"> toolTips('.classtoolTips95','Leading Aircraftman'); <\/script><script type=\"text\/javascript\"> toolTips('.classtoolTips96','Sergent<br\/><br\/>Sergeant'); <\/script><script type=\"text\/javascript\"> toolTips('.classtoolTips98','Colonel'); <\/script><script type=\"text\/javascript\"> toolTips('.classtoolTips110','Tu\u00e9 au combat<br\/><br\/>Killed In Action'); <\/script><script type=\"text\/javascript\"> toolTips('.classtoolTips118','Canonnier'); <\/script><script type=\"text\/javascript\"> toolTips('.classtoolTips134','\u00c9vad\u00e9<br\/><br\/>Evaded'); <\/script><script type=\"text\/javascript\"> toolTips('.classtoolTips136','Arm\u00e9e de l\u2019Air Fran\u00e7aise'); <\/script><script type=\"text\/javascript\"> toolTips('.classtoolTips144','Royal Corps of Signals'); <\/script><script type=\"text\/javascript\"> toolTips('.classtoolTips146','Royal Air Force'); <\/script><script type=\"text\/javascript\"> toolTips('.classtoolTips153','Porucznik'); <\/script><script type=\"text\/javascript\"> toolTips('.classtoolTips154','Groupe de Liaisons A\u00e9riennes'); <\/script><script type=\"text\/javascript\"> toolTips('.classtoolTips158','Midshipman'); <\/script><script type=\"text\/javascript\"> toolTips('.classtoolTips183','Flight Sergeant'); <\/script><script type=\"text\/javascript\"> toolTips('.classtoolTips185','Mitrailleur<br\/><br\/>Air Gunner'); <\/script><script type=\"text\/javascript\"> toolTips('.classtoolTips188','Bombardier<br\/><br\/>Air bomber'); <\/script><script type=\"text\/javascript\"> toolTips('.classtoolTips189','M\u00e9canicien volant<br\/><br\/>Flying Enginer'); <\/script><script type=\"text\/javascript\"> toolTips('.classtoolTips192','<img class=\"aligncenter size-full wp-image-65858\" title=\"Rampe_V1\" src=\"https:\/\/www.auzeau.fr\/39-45\/wp-content\/uploads\/Avions\/Allemand\/Rampe_V1.jpg\" alt=\"\" width=\"640\" height=\"426\" \/><br\/><img class=\"aligncenter size-full wp-image-65859\" title=\"V1\" src=\"https:\/\/www.auzeau.fr\/39-45\/wp-content\/uploads\/Avions\/Allemand\/V1.jpg\" alt=\"\" width=\"640\" height=\"424\" \/>'); <\/script><script type=\"text\/javascript\"> toolTips('.classtoolTips193','Royal Navy'); <\/script><script type=\"text\/javascript\"> toolTips('.classtoolTips194','Lieutenant de Vaisseau'); <\/script><script type=\"text\/javascript\"> toolTips('.classtoolTips195','Enseigne de Vaisseau'); <\/script><script type=\"text\/javascript\"> toolTips('.classtoolTips197','Aircraftman'); <\/script><script type=\"text\/javascript\"> toolTips('.classtoolTips199','Radio Officer'); <\/script><script type=\"text\/javascript\"> toolTips('.classtoolTips201','Lieutenant'); <\/script>","protected":false},"excerpt":{"rendered":"<p>Lancaster ME745 PG-L 619 Sqn Date : 8 juillet 1944 Mission : Bombardement du site V1 de St Leu d&#8217;Esserent (60) D\u00e9collage : Dunholme Lodge \u00e0 22:20 Causes de la perte : Abattu par la chasse de nuit Lieu de la perte : Pr\u00e9cy sur Oise (60) Sgt W.A. CLARK RAFVR 1571071 EVA Fg Off [&hellip;]<\/p>\n","protected":false},"author":1,"featured_media":0,"parent":93,"menu_order":0,"comment_status":"closed","ping_status":"closed","template":"template-full-width Lancaster.php","meta":{"_lmt_disableupdate":"yes","_lmt_disable":"","footnotes":""},"categories":[323],"tags":[900],"wf_page_folders":[3127],"class_list":["post-57336","page","type-page","status-publish","hentry","category-lancaster","tag-619-squadron"],"_links":{"self":[{"href":"https:\/\/www.auzeau.fr\/39-45\/wp-json\/wp\/v2\/pages\/57336","targetHints":{"allow":["GET"]}}],"collection":[{"href":"https:\/\/www.auzeau.fr\/39-45\/wp-json\/wp\/v2\/pages"}],"about":[{"href":"https:\/\/www.auzeau.fr\/39-45\/wp-json\/wp\/v2\/types\/page"}],"author":[{"embeddable":true,"href":"https:\/\/www.auzeau.fr\/39-45\/wp-json\/wp\/v2\/users\/1"}],"replies":[{"embeddable":true,"href":"https:\/\/www.auzeau.fr\/39-45\/wp-json\/wp\/v2\/comments?post=57336"}],"version-history":[{"count":0,"href":"https:\/\/www.auzeau.fr\/39-45\/wp-json\/wp\/v2\/pages\/57336\/revisions"}],"up":[{"embeddable":true,"href":"https:\/\/www.auzeau.fr\/39-45\/wp-json\/wp\/v2\/pages\/93"}],"wp:attachment":[{"href":"https:\/\/www.auzeau.fr\/39-45\/wp-json\/wp\/v2\/media?parent=57336"}],"wp:term":[{"taxonomy":"category","embeddable":true,"href":"https:\/\/www.auzeau.fr\/39-45\/wp-json\/wp\/v2\/categories?post=57336"},{"taxonomy":"post_tag","embeddable":true,"href":"https:\/\/www.auzeau.fr\/39-45\/wp-json\/wp\/v2\/tags?post=57336"},{"taxonomy":"wf_page_folders","embeddable":true,"href":"https:\/\/www.auzeau.fr\/39-45\/wp-json\/wp\/v2\/wf_page_folders?post=57336"}],"curies":[{"name":"wp","href":"https:\/\/api.w.org\/{rel}","templated":true}]}}