{"id":56356,"date":"2018-05-04T10:15:17","date_gmt":"2018-05-04T08:15:17","guid":{"rendered":"http:\/\/39-45.auzeau.fr\/39-45\/france\/59-nord\/59-cambrai-14-2\/"},"modified":"2018-05-14T19:24:03","modified_gmt":"2018-05-14T17:24:03","slug":"59-cambrai-15","status":"publish","type":"page","link":"https:\/\/www.auzeau.fr\/39-45\/france\/59-nord\/59-cambrai-15\/","title":{"rendered":"59 &#8211; Cambrai"},"content":{"rendered":"<p><img fetchpriority=\"high\" decoding=\"async\" class=\"aligncenter size-full wp-image-56292\" title=\"Cambrai\" src=\"https:\/\/www.auzeau.fr\/39-45\/wp-content\/uploads\/Cimetieres\/31 -- 60\/59-Nord\/Cambrai\/Cambrai.jpg\" alt=\"\" width=\"900\" height=\"450\" srcset=\"https:\/\/www.auzeau.fr\/39-45\/wp-content\/uploads\/Cimetieres\/31%20--%2060\/59-Nord\/Cambrai\/Cambrai.jpg 900w, https:\/\/www.auzeau.fr\/39-45\/wp-content\/uploads\/Cimetieres\/31%20--%2060\/59-Nord\/Cambrai\/Cambrai-300x150.jpg 300w, https:\/\/www.auzeau.fr\/39-45\/wp-content\/uploads\/Cimetieres\/31%20--%2060\/59-Nord\/Cambrai\/Cambrai-768x384.jpg 768w\" sizes=\"(max-width: 900px) 100vw, 900px\" \/><\/p>\n<table style=\"width: 100%;\" border=\"0\">\n<tbody>\n<tr>\n<td style=\"width: 5%;\"><a name=\"LR302\"><\/a><\/td>\n<td style=\"width: 5%;\"><\/td>\n<td style=\"width: 5%;\"><\/td>\n<td style=\"width: 5%;\"><\/td>\n<td style=\"width: 5%;\"><\/td>\n<td style=\"width: 5%;\"><\/td>\n<td style=\"width: 5%;\"><\/td>\n<td style=\"width: 5%;\"><\/td>\n<td style=\"width: 5%;\"><\/td>\n<td style=\"width: 5%;\"><\/td>\n<td style=\"width: 5%;\"><\/td>\n<td style=\"width: 5%;\"><\/td>\n<td style=\"width: 5%;\"><\/td>\n<td style=\"width: 5%;\"><\/td>\n<td style=\"width: 5%;\"><\/td>\n<td style=\"width: 5%;\"><\/td>\n<td style=\"width: 5%;\"><\/td>\n<td style=\"width: 5%;\"><\/td>\n<td style=\"width: 5%;\"><\/td>\n<td style=\"width: 5%;\"><\/td>\n<\/tr>\n<tr>\n<td colspan=\"15\"><span style=\"font-size: xx-large;\"><strong><span style=\"color: #000000;\"><strong>Mosquito LR302 SY-<br \/>\n<\/strong><\/span><\/strong><\/span><\/td>\n<td style=\"text-align: center;\" colspan=\"5\"><span style=\"font-size: xx-large;\"><strong>613 Sqn<br \/>\n<\/strong><\/span><\/td>\n<\/tr>\n<tr style=\"height: 40px;\">\n<td style=\"text-align: right;\" colspan=\"2\"><span style=\"font-size: 14px;\"><strong>Date : <\/strong><\/span><\/td>\n<td colspan=\"5\"><span style=\"font-size: 14px;\"><em>17 janvier 1945<br \/>\n<\/em><\/span><\/td>\n<td style=\"text-align: right;\" colspan=\"3\"><span style=\"font-size: 14px;\"><strong>Mission : <\/strong><\/span><\/td>\n<td colspan=\"10\"><span style=\"font-size: 14px;\"><em>Patrouille de nuit<\/em><\/span><\/td>\n<\/tr>\n<tr style=\"height: 40px;\">\n<td><\/td>\n<td><\/td>\n<td style=\"text-align: right;\" colspan=\"5\"><span style=\"font-size: 14px;\"><strong>D\u00e9collage :<br \/>\n<\/strong><\/span><\/td>\n<td colspan=\"10\"><span style=\"font-size: 14px;\"><em>A75 Cambrai \u00c9pinoy (59)<br \/>\n<\/em><\/span><\/td>\n<td><\/td>\n<td><\/td>\n<td><\/td>\n<\/tr>\n<tr style=\"height: 40px;\">\n<td><\/td>\n<td><\/td>\n<td style=\"text-align: right;\" colspan=\"5\"><span style=\"font-size: 14px;\"><strong>Causes de la perte : <\/strong><\/span><\/td>\n<td colspan=\"13\"><span style=\"font-size: 14px;\"><em>Crash au d\u00e9collage<\/em><\/span><\/td>\n<\/tr>\n<tr style=\"height: 40px;\">\n<td><\/td>\n<td><\/td>\n<td style=\"text-align: right;\" colspan=\"5\"><span style=\"font-size: 14px;\"><strong>Lieu de la perte : <\/strong><\/span><\/td>\n<td colspan=\"13\"><span style=\"font-size: 14px;\"><em>Cambrai \u00c9pinoy (59)<\/em><\/span><\/td>\n<\/tr>\n<tr style=\"height: 60px;\">\n<td><span style=\"font-size: 14px;\"><img decoding=\"async\" class=\"size-full wp-image-47215 alignleft\" title=\"Royaume Uni\" src=\"https:\/\/www.auzeau.fr\/39-45\/wp-content\/uploads\/images\/Drapeaux\/Angleterre.png\" alt=\"Royaume-Uni\" width=\"40\" height=\"20\" \/><\/span><\/td>\n<td><span style=\"font-size: 14px;\"><span class='tooltipsall tooltipsincontent classtoolTips33'>Flt <span class='tooltipsall tooltipsincontent classtoolTips201'>Lt<\/span><\/span><\/span><\/td>\n<td colspan=\"5\"><span style=\"font-size: 14px;\">Peter Patman<\/span><\/td>\n<td colspan=\"2\"><span style=\"font-size: 14px; color: #000000;\"><strong>DODSON<\/strong><\/span><\/td>\n<td style=\"text-align: center;\" colspan=\"2\"><span style=\"font-size: 14px;\"><span class='tooltipsall tooltipsincontent classtoolTips151'>Pil<\/span><\/span><\/td>\n<td style=\"text-align: center;\"><span style=\"font-size: 14px;\"><span class='tooltipsall tooltipsincontent classtoolTips45'>RAFVR<\/span><\/span><\/td>\n<td style=\"text-align: center;\" colspan=\"2\"><span style=\"font-size: 14px;\">123983<\/span><\/td>\n<td><span style=\"font-size: 14px; color: #000000;\"><strong><span class='tooltipsall tooltipsincontent classtoolTips110'>KIA<\/span><\/strong><\/span><\/td>\n<td colspan=\"5\"><\/td>\n<\/tr>\n<tr style=\"height: 60px;\">\n<td><span style=\"font-size: 14px;\"><img decoding=\"async\" class=\"size-full wp-image-47215 alignleft\" title=\"Royaume Uni\" src=\"https:\/\/www.auzeau.fr\/39-45\/wp-content\/uploads\/images\/Drapeaux\/Angleterre.png\" alt=\"Royaume-Uni\" width=\"40\" height=\"20\" \/><\/span><\/td>\n<td><span style=\"font-size: 14px;\"><span class='tooltipsall tooltipsincontent classtoolTips183'>FS<\/span><\/span><\/td>\n<td colspan=\"5\"><span style=\"font-size: 14px;\">Thomas Harold<\/span><\/td>\n<td colspan=\"2\"><span style=\"font-size: 14px; color: #000000;\"><strong>SUMMERS<\/strong><\/span><\/td>\n<td style=\"text-align: center;\" colspan=\"2\"><span style=\"font-size: 14px;\"><span class='tooltipsall tooltipsincontent classtoolTips116'>Nav<\/span><\/span><\/td>\n<td style=\"text-align: center;\"><span style=\"font-size: 14px;\"><span class='tooltipsall tooltipsincontent classtoolTips45'>RAFVR<\/span><\/span><\/td>\n<td style=\"text-align: center;\" colspan=\"2\"><span style=\"font-size: 14px;\">1602297<\/span><\/td>\n<td><span style=\"font-size: 14px; color: #000000;\"><strong><span class='tooltipsall tooltipsincontent classtoolTips110'>KIA<\/span><\/strong><\/span><\/td>\n<td colspan=\"5\"><\/td>\n<\/tr>\n<tr>\n<td colspan=\"20\" height=\"20\"><\/td>\n<\/tr>\n<tr>\n<td colspan=\"20\"><div id='gallery-1' class='gallery galleryid-56356 gallery-columns-2 gallery-size-thumbnail'><figure class='gallery-item'>\n\t\t\t<div class='gallery-icon portrait'>\n\t\t\t\t<a title=\"Dodson\"  title=\"Dodson\"  href='https:\/\/www.auzeau.fr\/39-45\/wp-content\/uploads\/Cimetieres\/31%20--%2060\/59-Nord\/Cambrai\/LR302\/Dodson.jpg'><img decoding=\"async\" width=\"150\" height=\"150\" src=\"https:\/\/www.auzeau.fr\/39-45\/wp-content\/uploads\/Cimetieres\/31 -- 60\/59-Nord\/Cambrai\/LR302\/Dodson-150x150.jpg\" class=\"attachment-thumbnail size-thumbnail\" alt=\"\" srcset=\"https:\/\/www.auzeau.fr\/39-45\/wp-content\/uploads\/Cimetieres\/31%20--%2060\/59-Nord\/Cambrai\/LR302\/Dodson-150x150.jpg 150w, https:\/\/www.auzeau.fr\/39-45\/wp-content\/uploads\/Cimetieres\/31%20--%2060\/59-Nord\/Cambrai\/LR302\/Dodson-50x50.jpg 50w\" sizes=\"(max-width: 150px) 100vw, 150px\" \/><\/a>\n\t\t\t<\/div><\/figure><figure class='gallery-item'>\n\t\t\t<div class='gallery-icon portrait'>\n\t\t\t\t<a title=\"Summers\"  title=\"Summers\"  href='https:\/\/www.auzeau.fr\/39-45\/wp-content\/uploads\/Cimetieres\/31%20--%2060\/59-Nord\/Cambrai\/LR302\/Summers.jpg'><img loading=\"lazy\" decoding=\"async\" width=\"150\" height=\"150\" src=\"https:\/\/www.auzeau.fr\/39-45\/wp-content\/uploads\/Cimetieres\/31 -- 60\/59-Nord\/Cambrai\/LR302\/Summers-150x150.jpg\" class=\"attachment-thumbnail size-thumbnail\" alt=\"\" srcset=\"https:\/\/www.auzeau.fr\/39-45\/wp-content\/uploads\/Cimetieres\/31%20--%2060\/59-Nord\/Cambrai\/LR302\/Summers-150x150.jpg 150w, https:\/\/www.auzeau.fr\/39-45\/wp-content\/uploads\/Cimetieres\/31%20--%2060\/59-Nord\/Cambrai\/LR302\/Summers-50x50.jpg 50w\" sizes=\"(max-width: 150px) 100vw, 150px\" \/><\/a>\n\t\t\t<\/div><\/figure>\n\t\t<\/div>\n<\/td>\n<\/tr>\n<\/tbody>\n<\/table>\n<table>\n<tbody>\n<tr>\n<td style=\"background-color: #dcdcdc; text-align: center; vertical-align: middle;\">\n<p style=\"text-align: center;\"><ul id=\"menu-59-cambrai\" class=\"menu\"><li id=\"menu-item-56313\" class=\"menu-item menu-item-type-post_type menu-item-object-page menu-item-56313\"><a href=\"https:\/\/www.auzeau.fr\/39-45\/france\/59-nord\/59-cambrai\/\">Hurricane L1912<\/a><\/li>\n<li id=\"menu-item-56413\" class=\"menu-item menu-item-type-post_type menu-item-object-page menu-item-56413\"><a href=\"https:\/\/www.auzeau.fr\/39-45\/france\/59-nord\/59-cambrai-2\/\">Hurricane P2536<\/a><\/li>\n<li id=\"menu-item-56376\" class=\"menu-item menu-item-type-post_type menu-item-object-page menu-item-56376\"><a href=\"https:\/\/www.auzeau.fr\/39-45\/france\/59-nord\/59-cambrai-3\/\">Wellington L7791<\/a><\/li>\n<li id=\"menu-item-56375\" class=\"menu-item menu-item-type-post_type menu-item-object-page menu-item-56375\"><a href=\"https:\/\/www.auzeau.fr\/39-45\/france\/59-nord\/59-cambrai-4\/\">Hampden AE252<\/a><\/li>\n<li id=\"menu-item-56374\" class=\"menu-item menu-item-type-post_type menu-item-object-page menu-item-56374\"><a href=\"https:\/\/www.auzeau.fr\/39-45\/france\/59-nord\/59-cambrai-5\/\">Halifax W7851<\/a><\/li>\n<li id=\"menu-item-56373\" class=\"menu-item menu-item-type-post_type menu-item-object-page menu-item-56373\"><a href=\"https:\/\/www.auzeau.fr\/39-45\/france\/59-nord\/59-cambrai-6\/\">Stirling EF349<\/a><\/li>\n<li id=\"menu-item-56372\" class=\"menu-item menu-item-type-post_type menu-item-object-page menu-item-56372\"><a href=\"https:\/\/www.auzeau.fr\/39-45\/france\/59-nord\/59-cambrai-7\/\">Lancaster ED720<\/a><\/li>\n<li id=\"menu-item-56371\" class=\"menu-item menu-item-type-post_type menu-item-object-page menu-item-56371\"><a href=\"https:\/\/www.auzeau.fr\/39-45\/france\/59-nord\/59-cambrai-8\/\">Spitfire MH903<\/a><\/li>\n<li id=\"menu-item-56370\" class=\"menu-item menu-item-type-post_type menu-item-object-page menu-item-56370\"><a href=\"https:\/\/www.auzeau.fr\/39-45\/france\/59-nord\/59-cambrai-9\/\">Mustang P51 FD475<\/a><\/li>\n<li id=\"menu-item-56369\" class=\"menu-item menu-item-type-post_type menu-item-object-page menu-item-56369\"><a href=\"https:\/\/www.auzeau.fr\/39-45\/france\/59-nord\/59-cambrai-10\/\">Typhoon MN211<\/a><\/li>\n<li id=\"menu-item-56368\" class=\"menu-item menu-item-type-post_type menu-item-object-page menu-item-56368\"><a href=\"https:\/\/www.auzeau.fr\/39-45\/france\/59-nord\/59-cambrai-11\/\">Lancaster LL830<\/a><\/li>\n<li id=\"menu-item-56367\" class=\"menu-item menu-item-type-post_type menu-item-object-page menu-item-56367\"><a href=\"https:\/\/www.auzeau.fr\/39-45\/france\/59-nord\/59-cambrai-12\/\">Lancaster ND844<\/a><\/li>\n<li id=\"menu-item-56366\" class=\"menu-item menu-item-type-post_type menu-item-object-page menu-item-56366\"><a href=\"https:\/\/www.auzeau.fr\/39-45\/france\/59-nord\/59-cambrai-13\/\">Lancaster LL862<\/a><\/li>\n<li id=\"menu-item-56365\" class=\"menu-item menu-item-type-post_type menu-item-object-page menu-item-56365\"><a href=\"https:\/\/www.auzeau.fr\/39-45\/france\/59-nord\/59-cambrai-14\/\">Mosquito LR354<\/a><\/li>\n<li id=\"menu-item-56364\" class=\"menu-item menu-item-type-post_type menu-item-object-page menu-item-56364\"><a href=\"https:\/\/www.auzeau.fr\/39-45\/france\/59-nord\/59-cambrai-15\/\">Mosquito LR302<\/a><\/li>\n<li id=\"menu-item-56383\" class=\"menu-item menu-item-type-post_type menu-item-object-page menu-item-56383\"><a href=\"https:\/\/www.auzeau.fr\/39-45\/france\/59-nord\/59-cambrai-16\/\">Mosquito NS836<\/a><\/li>\n<li id=\"menu-item-56362\" class=\"menu-item menu-item-type-post_type menu-item-object-page menu-item-56362\"><a href=\"https:\/\/www.auzeau.fr\/39-45\/france\/59-nord\/59-cambrai-17\/\">Lancaster PB686<\/a><\/li>\n<\/ul>\n<\/td>\n<\/tr>\n<\/tbody>\n<\/table>\n<hr \/>\n<p style=\"text-align: center;\"><ul id=\"menu-59-nord\" class=\"menu\"><li id=\"menu-item-113686\" class=\"menu-item menu-item-type-post_type menu-item-object-page menu-item-113686\"><a href=\"https:\/\/www.auzeau.fr\/39-45\/france\/59-nord\/59-armentieres-cite-bonjean-military-cemetery\/\">59 \u2013 Armenti\u00e8res Cite Bonjean Military Cemetery<\/a><\/li>\n<li id=\"menu-item-113688\" class=\"menu-item menu-item-type-post_type menu-item-object-page menu-item-113688\"><a href=\"https:\/\/www.auzeau.fr\/39-45\/france\/59-nord\/59-avelin-cimetiere-dennetieres\/\">59 \u2013 Avelin cimeti\u00e8re d\u2019Enneti\u00e8res<\/a><\/li>\n<li id=\"menu-item-56156\" class=\"menu-item menu-item-type-post_type menu-item-object-page menu-item-56156\"><a href=\"https:\/\/www.auzeau.fr\/39-45\/france\/59-nord\/59-avesnes-les-aubert\/\">59 \u2013 Avesnes-les-Aubert<\/a><\/li>\n<li id=\"menu-item-56157\" class=\"menu-item menu-item-type-post_type menu-item-object-page menu-item-56157\"><a href=\"https:\/\/www.auzeau.fr\/39-45\/france\/59-nord\/59-avesnes-sur-helpe\/\">59 \u2013 Avesnes-sur-Helpe<\/a><\/li>\n<li id=\"menu-item-113683\" class=\"menu-item menu-item-type-post_type menu-item-object-page menu-item-113683\"><a href=\"https:\/\/www.auzeau.fr\/39-45\/france\/59-nord\/59-bachy\/\">59 \u2013 Bachy<\/a><\/li>\n<li id=\"menu-item-101547\" class=\"menu-item menu-item-type-post_type menu-item-object-page menu-item-101547\"><a href=\"https:\/\/www.auzeau.fr\/39-45\/france\/59-nord\/59-bailleul\/\">59 \u2013 Bailleul<\/a><\/li>\n<li id=\"menu-item-113689\" class=\"menu-item menu-item-type-post_type menu-item-object-page menu-item-113689\"><a href=\"https:\/\/www.auzeau.fr\/39-45\/france\/59-nord\/59-bersee\/\">59 \u2013 Bers\u00e9e<\/a><\/li>\n<li id=\"menu-item-101548\" class=\"menu-item menu-item-type-post_type menu-item-object-page menu-item-101548\"><a href=\"https:\/\/www.auzeau.fr\/39-45\/france\/59-nord\/59-bethune-cimetiere-nord\/\">59 \u2013 B\u00e9thune Cimeti\u00e8re Nord<\/a><\/li>\n<li id=\"menu-item-113690\" class=\"menu-item menu-item-type-post_type menu-item-object-page menu-item-113690\"><a href=\"https:\/\/www.auzeau.fr\/39-45\/france\/59-nord\/59-borre-british-cemetery\/\">59 \u2013 Borre British Cemetery<\/a><\/li>\n<li id=\"menu-item-101942\" class=\"menu-item menu-item-type-post_type menu-item-object-page menu-item-101942\"><a href=\"https:\/\/www.auzeau.fr\/39-45\/france\/59-nord\/59-busigny\/\">59 \u2013 Busigny<\/a><\/li>\n<li id=\"menu-item-56158\" class=\"menu-item menu-item-type-post_type menu-item-object-page menu-item-56158\"><a href=\"https:\/\/www.auzeau.fr\/39-45\/france\/59-nord\/59-cambrai\/\">59 \u2013 Cambrai<\/a><\/li>\n<li id=\"menu-item-56159\" class=\"menu-item menu-item-type-post_type menu-item-object-page menu-item-56159\"><a href=\"https:\/\/www.auzeau.fr\/39-45\/france\/59-nord\/59-crevecoeur-sur-lescaut\/\">59 \u2013 Crevecoeur-sur-l\u2019Escaut<\/a><\/li>\n<li id=\"menu-item-114062\" class=\"menu-item menu-item-type-post_type menu-item-object-page menu-item-114062\"><a href=\"https:\/\/www.auzeau.fr\/39-45\/france\/59-nord\/59-croix\/\">59 \u2013 Croix<\/a><\/li>\n<li id=\"menu-item-114059\" class=\"menu-item menu-item-type-post_type menu-item-object-page menu-item-114059\"><a href=\"https:\/\/www.auzeau.fr\/39-45\/france\/59-nord\/59-cysoing\/\">59 \u2013 Cysoing<\/a><\/li>\n<li id=\"menu-item-114061\" class=\"menu-item menu-item-type-post_type menu-item-object-page menu-item-114061\"><a href=\"https:\/\/www.auzeau.fr\/39-45\/france\/59-nord\/59-faumont\/\">59 \u2013 Faumont<\/a><\/li>\n<li id=\"menu-item-114060\" class=\"menu-item menu-item-type-post_type menu-item-object-page menu-item-114060\"><a href=\"https:\/\/www.auzeau.fr\/39-45\/france\/59-nord\/59-forest-sur-marque\/\">59 \u2013 Forest-sur-Marque<\/a><\/li>\n<li id=\"menu-item-56160\" class=\"menu-item menu-item-type-post_type menu-item-object-page menu-item-56160\"><a href=\"https:\/\/www.auzeau.fr\/39-45\/france\/59-nord\/59-fourmies\/\">59 \u2013 Fourmies<\/a><\/li>\n<li id=\"menu-item-114102\" class=\"menu-item menu-item-type-post_type menu-item-object-page menu-item-114102\"><a href=\"https:\/\/www.auzeau.fr\/39-45\/france\/59-nord\/59-fretin\/\">59 \u2013 Fretin<\/a><\/li>\n<li id=\"menu-item-56161\" class=\"menu-item menu-item-type-post_type menu-item-object-page menu-item-56161\"><a href=\"https:\/\/www.auzeau.fr\/39-45\/france\/59-nord\/59-gonnelieu\/\">59 \u2013 Gonnelieu<\/a><\/li>\n<li id=\"menu-item-114110\" class=\"menu-item menu-item-type-post_type menu-item-object-page menu-item-114110\"><a href=\"https:\/\/www.auzeau.fr\/39-45\/france\/59-nord\/59-haubourdin-necropole-nationale\/\">59 \u2013 Haubourdin n\u00e9cropole nationale<\/a><\/li>\n<li id=\"menu-item-56162\" class=\"menu-item menu-item-type-post_type menu-item-object-page menu-item-56162\"><a href=\"https:\/\/www.auzeau.fr\/39-45\/france\/59-nord\/59-haveluy\/\">59 \u2013 Haveluy<\/a><\/li>\n<li id=\"menu-item-114105\" class=\"menu-item menu-item-type-post_type menu-item-object-page menu-item-114105\"><a href=\"https:\/\/www.auzeau.fr\/39-45\/france\/59-nord\/59-haverskerque-british-cemetery\/\">59 \u2013 Haverskerque British Cemetery<\/a><\/li>\n<li id=\"menu-item-56163\" class=\"menu-item menu-item-type-post_type menu-item-object-page menu-item-56163\"><a href=\"https:\/\/www.auzeau.fr\/39-45\/france\/59-nord\/59-iwuy\/\">59 \u2013 Iwuy<\/a><\/li>\n<li id=\"menu-item-56164\" class=\"menu-item menu-item-type-post_type menu-item-object-page menu-item-56164\"><a href=\"https:\/\/www.auzeau.fr\/39-45\/france\/59-nord\/59-landrecies\/\">59 \u2013 Landrecies<\/a><\/li>\n<li id=\"menu-item-113889\" class=\"menu-item menu-item-type-post_type menu-item-object-page menu-item-113889\"><a href=\"https:\/\/www.auzeau.fr\/39-45\/france\/59-nord\/59-lesquin\/\">59 \u2013 Lesquin<\/a><\/li>\n<li id=\"menu-item-114104\" class=\"menu-item menu-item-type-post_type menu-item-object-page menu-item-114104\"><a href=\"https:\/\/www.auzeau.fr\/39-45\/france\/59-nord\/59-lezennes\/\">59 \u2013 Lezennes<\/a><\/li>\n<li id=\"menu-item-114339\" class=\"menu-item menu-item-type-post_type menu-item-object-page menu-item-114339\"><a href=\"https:\/\/www.auzeau.fr\/39-45\/france\/59-nord\/59-lille-cimetiere-dhellemmes\/\">59 \u2013 Lille cimeti\u00e8re d\u2019Hellemmes<\/a><\/li>\n<li id=\"menu-item-114138\" class=\"menu-item menu-item-type-post_type menu-item-object-page menu-item-114138\"><a href=\"https:\/\/www.auzeau.fr\/39-45\/france\/59-nord\/59-lille-cimetiere-sud\/\">59 \u2013 Lille cimeti\u00e8re sud<\/a><\/li>\n<li id=\"menu-item-114346\" class=\"menu-item menu-item-type-post_type menu-item-object-page menu-item-114346\"><a href=\"https:\/\/www.auzeau.fr\/39-45\/france\/59-nord\/59-lomme\/\">59 \u2013 Lomme<\/a><\/li>\n<li id=\"menu-item-56165\" class=\"menu-item menu-item-type-post_type menu-item-object-page menu-item-56165\"><a href=\"https:\/\/www.auzeau.fr\/39-45\/france\/59-nord\/59-maubeuge\/\">59 \u2013 Maubeuge<\/a><\/li>\n<li id=\"menu-item-114224\" class=\"menu-item menu-item-type-post_type menu-item-object-page menu-item-114224\"><a href=\"https:\/\/www.auzeau.fr\/39-45\/france\/59-nord\/59-merville-communal-cemetery-extension\/\">59 \u2013 Merville Communal Cemetery Extension<\/a><\/li>\n<li id=\"menu-item-56166\" class=\"menu-item menu-item-type-post_type menu-item-object-page menu-item-56166\"><a href=\"https:\/\/www.auzeau.fr\/39-45\/france\/59-nord\/59-neuvilly\/\">59 \u2013 Neuvilly<\/a><\/li>\n<li id=\"menu-item-56167\" class=\"menu-item menu-item-type-post_type menu-item-object-page menu-item-56167\"><a href=\"https:\/\/www.auzeau.fr\/39-45\/france\/59-nord\/59-noyelles-sur-selle\/\">59 \u2013 Noyelles-sur-Selle<\/a><\/li>\n<li id=\"menu-item-56168\" class=\"menu-item menu-item-type-post_type menu-item-object-page menu-item-56168\"><a href=\"https:\/\/www.auzeau.fr\/39-45\/france\/59-nord\/59-poix-du-nord\/\">59 \u2013 Poix-du-Nord<\/a><\/li>\n<li id=\"menu-item-56169\" class=\"menu-item menu-item-type-post_type menu-item-object-page menu-item-56169\"><a href=\"https:\/\/www.auzeau.fr\/39-45\/france\/59-nord\/59-preux-au-bois\/\">59 \u2013 Preux-au-Bois<\/a><\/li>\n<li id=\"menu-item-102852\" class=\"menu-item menu-item-type-post_type menu-item-object-page menu-item-102852\"><a href=\"https:\/\/www.auzeau.fr\/39-45\/france\/59-nord\/59-rexpoede\/\">59 \u2013 Rexpo\u00ebde<\/a><\/li>\n<li id=\"menu-item-56170\" class=\"menu-item menu-item-type-post_type menu-item-object-page menu-item-56170\"><a href=\"https:\/\/www.auzeau.fr\/39-45\/france\/59-nord\/59-rieux-en-cambresis\/\">59 \u2013 Rieux-en-Cambresis<\/a><\/li>\n<li id=\"menu-item-114345\" class=\"menu-item menu-item-type-post_type menu-item-object-page menu-item-114345\"><a href=\"https:\/\/www.auzeau.fr\/39-45\/france\/59-nord\/59-saint-andre\/\">59 \u2013 Saint-Andr\u00e9<\/a><\/li>\n<li id=\"menu-item-56171\" class=\"menu-item menu-item-type-post_type menu-item-object-page menu-item-56171\"><a href=\"https:\/\/www.auzeau.fr\/39-45\/france\/59-nord\/59-seranvillers-forenville-military-cemetery\/\">59 \u2013 Seranvillers-Forenville Military Cemetery<\/a><\/li>\n<li id=\"menu-item-56172\" class=\"menu-item menu-item-type-post_type menu-item-object-page menu-item-56172\"><a href=\"https:\/\/www.auzeau.fr\/39-45\/france\/59-nord\/59-tilloy-les-cambrai-canadian-cemetery\/\">59 \u2013 Tilloy-les-Cambrai Canadian Cemetery<\/a><\/li>\n<li id=\"menu-item-114475\" class=\"menu-item menu-item-type-post_type menu-item-object-page menu-item-114475\"><a href=\"https:\/\/www.auzeau.fr\/39-45\/france\/59-nord\/59-tourcoing\/\">59 \u2013 Tourcoing<\/a><\/li>\n<li id=\"menu-item-56173\" class=\"menu-item menu-item-type-post_type menu-item-object-page menu-item-56173\"><a href=\"https:\/\/www.auzeau.fr\/39-45\/france\/59-nord\/59-valenciennes-cimetiere-saint-roch\/\">59 \u2013 Valenciennes Cimeti\u00e8re Saint Roch<\/a><\/li>\n<li id=\"menu-item-114347\" class=\"menu-item menu-item-type-post_type menu-item-object-page menu-item-114347\"><a href=\"https:\/\/www.auzeau.fr\/39-45\/france\/59-nord\/59-vieux-berquin\/\">59 \u2013 Vieux-Berquin<\/a><\/li>\n<li id=\"menu-item-114476\" class=\"menu-item menu-item-type-post_type menu-item-object-page menu-item-114476\"><a href=\"https:\/\/www.auzeau.fr\/39-45\/france\/59-nord\/59-villeneuve-dascq\/\">59 \u2013 Villeneuve d\u2019Ascq<\/a><\/li>\n<\/ul>\n<script type=\"text\/javascript\"> toolTips('.classtoolTips33','Flight Lieutenant'); <\/script><script type=\"text\/javascript\"> toolTips('.classtoolTips45','Royal Air Force Volunteer Reserve'); <\/script><script type=\"text\/javascript\"> toolTips('.classtoolTips57','Centre de r\u00e9ception\u00a0des avions de\u00a0s\u00e9rie'); <\/script><script type=\"text\/javascript\"> toolTips('.classtoolTips98','Colonel'); <\/script><script type=\"text\/javascript\"> toolTips('.classtoolTips110','Tu\u00e9 au combat<br\/><br\/>Killed In Action'); <\/script><script type=\"text\/javascript\"> toolTips('.classtoolTips116','Navigateur<br\/><br\/>Navigator'); <\/script><script type=\"text\/javascript\"> toolTips('.classtoolTips118','Canonnier'); <\/script><script type=\"text\/javascript\"> toolTips('.classtoolTips123','Secret Intelligence Service<br\/><br\/>Service Secret'); <\/script><script type=\"text\/javascript\"> toolTips('.classtoolTips144','Royal Corps of Signals'); <\/script><script type=\"text\/javascript\"> toolTips('.classtoolTips146','Royal Air Force'); <\/script><script type=\"text\/javascript\"> toolTips('.classtoolTips151','Pilote<br\/><br\/>Pilot'); <\/script><script type=\"text\/javascript\"> toolTips('.classtoolTips153','Porucznik'); <\/script><script type=\"text\/javascript\"> toolTips('.classtoolTips158','Midshipman'); <\/script><script type=\"text\/javascript\"> toolTips('.classtoolTips159','Signalman'); <\/script><script type=\"text\/javascript\"> toolTips('.classtoolTips183','Flight Sergeant'); <\/script><script type=\"text\/javascript\"> toolTips('.classtoolTips185','Mitrailleur<br\/><br\/>Air Gunner'); <\/script><script type=\"text\/javascript\"> toolTips('.classtoolTips188','Bombardier<br\/><br\/>Air bomber'); <\/script><script type=\"text\/javascript\"> toolTips('.classtoolTips189','M\u00e9canicien volant<br\/><br\/>Flying Enginer'); <\/script><script type=\"text\/javascript\"> toolTips('.classtoolTips195','Enseigne de Vaisseau'); <\/script><script type=\"text\/javascript\"> toolTips('.classtoolTips197','Aircraftman'); <\/script><script type=\"text\/javascript\"> toolTips('.classtoolTips199','Radio Officer'); <\/script><script type=\"text\/javascript\"> toolTips('.classtoolTips201','Lieutenant'); <\/script>","protected":false},"excerpt":{"rendered":"<p>Mosquito LR302 SY- 613 Sqn Date : 17 janvier 1945 Mission : Patrouille de nuit D\u00e9collage : A75 Cambrai \u00c9pinoy (59) Causes de la perte : Crash au d\u00e9collage Lieu de la perte : Cambrai \u00c9pinoy (59) Flt Lt Peter Patman DODSON Pil RAFVR 123983 KIA FS Thomas Harold SUMMERS Nav RAFVR 1602297 KIA<\/p>\n","protected":false},"author":1,"featured_media":0,"parent":91,"menu_order":0,"comment_status":"closed","ping_status":"closed","template":"template-full-width Mosquito.php","meta":{"_lmt_disableupdate":"yes","_lmt_disable":"","footnotes":""},"categories":[590],"tags":[1043],"wf_page_folders":[3122],"class_list":["post-56356","page","type-page","status-publish","hentry","category-mosquito","tag-613-squadron"],"_links":{"self":[{"href":"https:\/\/www.auzeau.fr\/39-45\/wp-json\/wp\/v2\/pages\/56356","targetHints":{"allow":["GET"]}}],"collection":[{"href":"https:\/\/www.auzeau.fr\/39-45\/wp-json\/wp\/v2\/pages"}],"about":[{"href":"https:\/\/www.auzeau.fr\/39-45\/wp-json\/wp\/v2\/types\/page"}],"author":[{"embeddable":true,"href":"https:\/\/www.auzeau.fr\/39-45\/wp-json\/wp\/v2\/users\/1"}],"replies":[{"embeddable":true,"href":"https:\/\/www.auzeau.fr\/39-45\/wp-json\/wp\/v2\/comments?post=56356"}],"version-history":[{"count":0,"href":"https:\/\/www.auzeau.fr\/39-45\/wp-json\/wp\/v2\/pages\/56356\/revisions"}],"up":[{"embeddable":true,"href":"https:\/\/www.auzeau.fr\/39-45\/wp-json\/wp\/v2\/pages\/91"}],"wp:attachment":[{"href":"https:\/\/www.auzeau.fr\/39-45\/wp-json\/wp\/v2\/media?parent=56356"}],"wp:term":[{"taxonomy":"category","embeddable":true,"href":"https:\/\/www.auzeau.fr\/39-45\/wp-json\/wp\/v2\/categories?post=56356"},{"taxonomy":"post_tag","embeddable":true,"href":"https:\/\/www.auzeau.fr\/39-45\/wp-json\/wp\/v2\/tags?post=56356"},{"taxonomy":"wf_page_folders","embeddable":true,"href":"https:\/\/www.auzeau.fr\/39-45\/wp-json\/wp\/v2\/wf_page_folders?post=56356"}],"curies":[{"name":"wp","href":"https:\/\/api.w.org\/{rel}","templated":true}]}}