{"id":101204,"date":"2022-07-01T09:11:48","date_gmt":"2022-07-01T07:11:48","guid":{"rendered":"http:\/\/39-45.auzeau.fr\/?page_id=101204"},"modified":"2022-07-01T09:11:48","modified_gmt":"2022-07-01T09:11:48","slug":"91-etampes-cimetiere-saint-martin","status":"publish","type":"page","link":"https:\/\/www.auzeau.fr\/39-45\/france\/91-essonne\/91-etampes-cimetiere-saint-martin\/","title":{"rendered":"91 &#8211; \u00c9tampes cimeti\u00e8re Saint-Martin"},"content":{"rendered":"<p><center><iframe style=\"border: 0;\" src=\"https:\/\/www.google.com\/maps\/embed?pb=!4v1649657700485!6m8!1m7!1sOhDOtam5hfLzR8JssCCirQ!2m2!1d48.42984308567685!2d2.136685370893007!3f320.5034442425685!4f2.6953251097409066!5f1.9587109090973311\" width=\"900\" height=\"600\" allowfullscreen=\"allowfullscreen\"><\/iframe><\/center><\/p>\n<table style=\"width: 100%; height: 481px;\" border=\"0\">\n<tbody>\n<tr style=\"height: 21px;\">\n<td style=\"width: 5%; height: 21px;\"><\/td>\n<td style=\"width: 5%; height: 21px;\"><\/td>\n<td style=\"width: 5%; height: 21px;\"><\/td>\n<td style=\"width: 5%; height: 21px;\"><\/td>\n<td style=\"width: 5%; height: 21px;\"><\/td>\n<td style=\"width: 5%; height: 21px;\"><\/td>\n<td style=\"width: 5%; height: 21px;\"><\/td>\n<td style=\"width: 5%; height: 21px;\"><\/td>\n<td style=\"width: 5%; height: 21px;\"><\/td>\n<td style=\"width: 5%; height: 21px;\"><\/td>\n<td style=\"width: 5%; height: 21px;\"><\/td>\n<td style=\"width: 5%; height: 21px;\"><\/td>\n<td style=\"width: 5%; height: 21px;\"><\/td>\n<td style=\"width: 5%; height: 21px;\"><\/td>\n<td style=\"width: 5%; height: 21px;\"><\/td>\n<td style=\"width: 5%; height: 21px;\"><\/td>\n<td style=\"width: 5%; height: 21px;\"><\/td>\n<td style=\"width: 5%; height: 21px;\"><\/td>\n<td style=\"width: 5%; height: 21px;\"><\/td>\n<td style=\"width: 5%; height: 21px;\"><\/td>\n<\/tr>\n<tr style=\"height: 76px;\">\n<td style=\"width: 75%; height: 76px;\" colspan=\"15\"><strong><span style=\"font-size: xx-large;\"><span style=\"color: #000000;\">LeO 451 n\u00b0109<\/span><br \/>\n<\/span><\/strong><\/td>\n<td style=\"width: 25%; height: 76px;\" colspan=\"5\">\n<p style=\"text-align: center;\"><strong><span style=\"font-size: xx-large;\">GB I\/31<br \/>\n<\/span><\/strong><\/p>\n<\/td>\n<\/tr>\n<tr style=\"height: 21px;\">\n<td style=\"text-align: right; width: 10%; height: 21px;\" colspan=\"2\"><span style=\"font-size: 14px;\"><strong>Date :\u00a0<\/strong><\/span><\/td>\n<td style=\"width: 25%; height: 21px;\" colspan=\"5\"><span style=\"font-size: 14px;\"><em>\u00a031 mai 1940<br \/>\n<\/em><\/span><\/td>\n<td style=\"text-align: right; width: 15%; height: 21px;\" colspan=\"3\"><span style=\"font-size: 14px;\"><strong>Mission :\u00a0<\/strong><\/span><\/td>\n<td style=\"width: 50%; height: 21px;\" colspan=\"10\"><span style=\"font-size: 14px;\"><em>\u00a0Attaque de colonnes blind\u00e9es<br \/>\n<\/em><\/span><\/td>\n<\/tr>\n<tr style=\"height: 21px;\">\n<td style=\"width: 5%; height: 21px;\"><span style=\"font-size: 14px;\">\u00a0<\/span><\/td>\n<td style=\"width: 5%; height: 21px;\"><span style=\"font-size: 14px;\">\u00a0<\/span><\/td>\n<td style=\"text-align: right; width: 25%; height: 21px;\" colspan=\"5\"><span style=\"font-size: 14px;\"><strong>D\u00e9collage :<\/strong><\/span><\/td>\n<td style=\"width: 50%; height: 21px;\" colspan=\"10\"><span style=\"font-size: 14px;\"><em>\u00a0Chartres (28)<br \/>\n<\/em><\/span><\/td>\n<td style=\"width: 5%; height: 21px;\"><\/td>\n<td style=\"width: 5%; height: 21px;\"><\/td>\n<td style=\"width: 5%; height: 21px;\"><\/td>\n<\/tr>\n<tr style=\"height: 21px;\">\n<td style=\"width: 5%; height: 21px;\"><span style=\"font-size: 14px;\">\u00a0<\/span><\/td>\n<td style=\"width: 5%; height: 21px;\"><span style=\"font-size: 14px;\">\u00a0<\/span><\/td>\n<td style=\"text-align: right; width: 25%; height: 21px;\" colspan=\"5\"><span style=\"font-size: 14px;\"><strong>Causes de la perte :\u00a0<\/strong><\/span><\/td>\n<td style=\"width: 50%; height: 21px;\" colspan=\"10\"><span style=\"font-size: 14px;\"><em>\u00a0Abattu par des chaseurs <span class='tooltipsall tooltipsincontent classtoolTips27'>Bf 109<\/span><\/em><\/span><\/td>\n<td style=\"width: 5%; height: 21px;\"><\/td>\n<td style=\"width: 5%; height: 21px;\"><\/td>\n<td style=\"width: 5%; height: 21px;\"><\/td>\n<\/tr>\n<tr style=\"height: 21px;\">\n<td style=\"width: 5%; height: 21px;\"><span style=\"font-size: 14px;\">\u00a0<\/span><\/td>\n<td style=\"width: 5%; height: 21px;\"><span style=\"font-size: 14px;\">\u00a0<\/span><\/td>\n<td style=\"text-align: right; width: 25%; height: 21px;\" colspan=\"5\"><span style=\"font-size: 14px;\"><strong>Lieu de la perte :\u00a0<\/strong><\/span><\/td>\n<td style=\"width: 50%; height: 21px;\" colspan=\"10\"><span style=\"font-size: 14px;\"><em>\u00a0&#8220;La Grande Trou\u00e9e&#8221; \u00e0 Auteuil (60)<\/em><\/span><\/td>\n<td style=\"width: 5%; height: 21px;\"><span style=\"font-size: 14px;\">\u00a0<\/span><\/td>\n<td style=\"width: 5%; height: 21px;\"><span style=\"font-size: 14px;\">\u00a0<\/span><\/td>\n<td style=\"width: 5%; height: 21px;\"><span style=\"font-size: 14px;\">\u00a0<\/span><\/td>\n<\/tr>\n<tr style=\"height: 43px;\">\n<td style=\"height: 21px; width: 5%;\"><span style=\"font-size: 14px;\"><img decoding=\"async\" class=\"aligncenter size-full wp-image-47214\" title=\"France\" src=\"https:\/\/www.auzeau.fr\/39-45\/wp-content\/uploads\/images\/Drapeaux\/France.png\" alt=\"France\" width=\"40\" height=\"20\" \/><\/span><\/td>\n<td style=\"height: 21px; width: 5%;\"><span style=\"font-size: 14px;\"><span class='tooltipsall tooltipsincontent classtoolTips96'>Sgt<\/span><\/span><\/td>\n<td style=\"height: 21px; width: 25%;\" colspan=\"5\"><span style=\"font-size: 14px;\">Guy L\u00e9on Charles<\/span><\/td>\n<td style=\"height: 21px; width: 20%;\" colspan=\"4\"><span style=\"font-size: 14px; color: #000000;\"><strong>CHAMPENOIS<\/strong><\/span><\/td>\n<td style=\"height: 21px; width: 5%;\"><span style=\"font-size: 14px;\"><span class='tooltipsall tooltipsincontent classtoolTips136'>AAF<\/span><\/span><\/td>\n<td style=\"height: 21px; width: 10%; text-align: center;\" colspan=\"2\"><span class='tooltipsall tooltipsincontent classtoolTips185'>AG<\/span><\/td>\n<td style=\"height: 21px; width: 5%;\"><span style=\"font-size: 14px; color: #000000;\"><strong><span class='tooltipsall tooltipsincontent classtoolTips110'>KIA<\/span><\/strong><\/span><\/td>\n<td style=\"height: 21px; width: 25%;\" colspan=\"5\"><span style=\"font-size: 14px; color: #000000;\"><strong><span class='tooltipsall tooltipsincontent classtoolTips126'>MPF<\/span><\/strong><\/span><\/td>\n<\/tr>\n<tr style=\"height: 43px;\">\n<td style=\"height: 21px; width: 5%;\"><span style=\"font-size: 14px;\"><img decoding=\"async\" class=\"aligncenter size-full wp-image-47214\" title=\"France\" src=\"https:\/\/www.auzeau.fr\/39-45\/wp-content\/uploads\/images\/Drapeaux\/France.png\" alt=\"France\" width=\"40\" height=\"20\" \/><\/span><\/td>\n<td style=\"height: 21px; width: 5%;\"><span style=\"font-size: 14px;\"><span class='tooltipsall tooltipsincontent classtoolTips96'>Sgt<\/span><\/span><\/td>\n<td style=\"height: 21px; width: 25%;\" colspan=\"5\"><span style=\"font-size: 14px;\">Jean Eug\u00e8ne Olivier D\u00e9sir\u00e9<\/span><\/td>\n<td style=\"height: 21px; width: 20%;\" colspan=\"4\"><span style=\"font-size: 14px; color: #000000;\"><strong>DESESQUELLE<\/strong><\/span><\/td>\n<td style=\"height: 21px; width: 5%;\"><span style=\"font-size: 14px;\"><span class='tooltipsall tooltipsincontent classtoolTips136'>AAF<\/span><\/span><\/td>\n<td style=\"height: 21px; width: 10%; text-align: center;\" colspan=\"2\"><span class='tooltipsall tooltipsincontent classtoolTips115'>WOP<\/span><\/td>\n<td style=\"height: 21px; width: 5%;\"><span style=\"font-size: 14px; color: #000000;\"><strong><span class='tooltipsall tooltipsincontent classtoolTips110'>KIA<\/span><\/strong><\/span><\/td>\n<td style=\"height: 21px; width: 25%;\" colspan=\"5\"><span style=\"font-size: 14px; color: #000000;\"><strong><span class='tooltipsall tooltipsincontent classtoolTips126'>MPF<\/span> <\/strong><\/span><a href=\"https:\/\/www.auzeau.fr\/39-45\/france\/37-indre-et-loire\/37-la-riche\/\"><span style=\"font-size: 14px;\"><span style=\"font-size: 8pt;\">Inhum\u00e9 \u00e0 La Riche (37)<\/span><\/span><\/a><\/td>\n<\/tr>\n<tr style=\"height: 43px;\">\n<td style=\"height: 21px; width: 5%;\"><span style=\"font-size: 14px;\"><img decoding=\"async\" class=\"aligncenter size-full wp-image-47214\" title=\"France\" src=\"https:\/\/www.auzeau.fr\/39-45\/wp-content\/uploads\/images\/Drapeaux\/France.png\" alt=\"France\" width=\"40\" height=\"20\" \/><\/span><\/td>\n<td style=\"height: 21px; width: 5%;\"><span style=\"font-size: 14px;\"><span class='tooltipsall tooltipsincontent classtoolTips181'>SLT<\/span><\/span><\/td>\n<td style=\"height: 21px; width: 25%;\" colspan=\"5\"><span style=\"font-size: 14px;\">Pierre Ernest<\/span><\/td>\n<td style=\"height: 21px; width: 20%;\" colspan=\"4\"><span style=\"font-size: 14px; color: #000000;\"><strong>SCAVIZZI<\/strong><\/span><\/td>\n<td style=\"height: 21px; width: 5%;\"><span style=\"font-size: 14px;\"><span class='tooltipsall tooltipsincontent classtoolTips136'>AAF<\/span><\/span><\/td>\n<td style=\"height: 21px; width: 10%; text-align: center;\" colspan=\"2\"><span class='tooltipsall tooltipsincontent classtoolTips120'>CdB<\/span><\/td>\n<td style=\"height: 21px; width: 5%;\"><span style=\"font-size: 14px; color: #000000;\"><strong><span class='tooltipsall tooltipsincontent classtoolTips110'>KIA<\/span><\/strong><\/span><\/td>\n<td style=\"height: 21px; width: 25%;\" colspan=\"5\"><span style=\"font-size: 14px; color: #000000;\"><strong><span class='tooltipsall tooltipsincontent classtoolTips126'>MPF<\/span><\/strong><\/span> <span style=\"font-size: 8pt;\"><a href=\"https:\/\/www.auzeau.fr\/39-45\/france\/60-oise\/60-cambronne-les-ribecourt-necropole-nationale-4\/\">Inhum\u00e9 \u00e0 Cambronne-l\u00e8s-Ribecourt (60)<\/a><\/span><\/td>\n<\/tr>\n<tr style=\"height: 43px;\">\n<td style=\"height: 43px; width: 5%;\"><span style=\"font-size: 14px;\"><img decoding=\"async\" class=\"aligncenter size-full wp-image-47214\" title=\"France\" src=\"https:\/\/www.auzeau.fr\/39-45\/wp-content\/uploads\/images\/Drapeaux\/France.png\" alt=\"France\" width=\"40\" height=\"20\" \/><\/span><\/td>\n<td style=\"height: 43px; width: 5%;\"><span style=\"font-size: 14px;\">Sgr\/C<\/span><\/td>\n<td style=\"height: 43px; width: 25%;\" colspan=\"5\"><span style=\"font-size: 14px;\">Abel Andr\u00e9 Joffre<\/span><\/td>\n<td style=\"height: 43px; width: 20%;\" colspan=\"4\"><span style=\"font-size: 14px; color: #000000;\"><strong>VERNA<\/strong><\/span><\/td>\n<td style=\"height: 43px; width: 5%;\"><span style=\"font-size: 14px;\"><span class='tooltipsall tooltipsincontent classtoolTips136'>AAF<\/span><\/span><\/td>\n<td style=\"height: 43px; width: 10%; text-align: center;\" colspan=\"2\"><span class='tooltipsall tooltipsincontent classtoolTips151'>Pil<\/span><\/td>\n<td style=\"height: 43px; width: 5%;\"><span style=\"font-size: 14px;\"><span class='tooltipsall tooltipsincontent classtoolTips112'>WIA<\/span><\/span><\/td>\n<td style=\"height: 43px; width: 25%;\" colspan=\"5\"><span style=\"font-size: 14px; color: #000000;\"><strong><span class='tooltipsall tooltipsincontent classtoolTips126'>MPF<\/span><\/strong><\/span> <span style=\"font-size: 8pt;\"><em>Fusill\u00e9 le 13\/07\/1944 \u00e0 Coisia (39)<\/em><\/span><\/td>\n<\/tr>\n<\/tbody>\n<\/table>\n<div id='gallery-1' class='gallery galleryid-101204 gallery-columns-2 gallery-size-thumbnail'><figure class='gallery-item'>\n\t\t\t<div class='gallery-icon landscape'>\n\t\t\t\t<a title=\"Champenois\"  title=\"Champenois\"  href='https:\/\/www.auzeau.fr\/39-45\/wp-content\/uploads\/Cimetieres\/60%20--\/91%20-%20Essonne\/Etampes_St--Martin\/Champenois.JPG'><img decoding=\"async\" width=\"150\" height=\"150\" src=\"https:\/\/www.auzeau.fr\/39-45\/wp-content\/uploads\/Cimetieres\/60 --\/91 - Essonne\/Etampes_St--Martin\/Champenois-150x150.jpg\" class=\"attachment-thumbnail size-thumbnail\" alt=\"\" srcset=\"https:\/\/www.auzeau.fr\/39-45\/wp-content\/uploads\/Cimetieres\/60%20--\/91%20-%20Essonne\/Etampes_St--Martin\/Champenois-150x150.jpg 150w, https:\/\/www.auzeau.fr\/39-45\/wp-content\/uploads\/Cimetieres\/60%20--\/91%20-%20Essonne\/Etampes_St--Martin\/Champenois-50x50.jpg 50w\" sizes=\"(max-width: 150px) 100vw, 150px\" \/><\/a>\n\t\t\t<\/div><\/figure><figure class='gallery-item'>\n\t\t\t<div class='gallery-icon landscape'>\n\t\t\t\t<a title=\"Champenois\"  title=\"Champenois\"  href='https:\/\/www.auzeau.fr\/39-45\/wp-content\/uploads\/Cimetieres\/60%20--\/91%20-%20Essonne\/Etampes_St--Martin\/Champenois-2.JPG'><img decoding=\"async\" width=\"150\" height=\"150\" src=\"https:\/\/www.auzeau.fr\/39-45\/wp-content\/uploads\/Cimetieres\/60 --\/91 - Essonne\/Etampes_St--Martin\/Champenois-2-150x150.jpg\" class=\"attachment-thumbnail size-thumbnail\" alt=\"\" srcset=\"https:\/\/www.auzeau.fr\/39-45\/wp-content\/uploads\/Cimetieres\/60%20--\/91%20-%20Essonne\/Etampes_St--Martin\/Champenois-2-150x150.jpg 150w, https:\/\/www.auzeau.fr\/39-45\/wp-content\/uploads\/Cimetieres\/60%20--\/91%20-%20Essonne\/Etampes_St--Martin\/Champenois-2-50x50.jpg 50w\" sizes=\"(max-width: 150px) 100vw, 150px\" \/><\/a>\n\t\t\t<\/div><\/figure>\n\t\t<\/div>\n\n<table style=\"width: 100%; border-collapse: collapse; background-color: #dcdcdc;\">\n<tbody>\n<tr>\n<td style=\"width: 100%; text-align: center;\"><ul id=\"menu-91-etampes\" class=\"menu\"><li id=\"menu-item-103707\" class=\"menu-item menu-item-type-post_type menu-item-object-page menu-item-103707\"><a href=\"https:\/\/www.auzeau.fr\/39-45\/france\/91-essonne\/91-etampes-cimetiere-saint-martin\/\">LeO 451 n\u00b0 109<\/a><\/li>\n<li id=\"menu-item-103708\" class=\"menu-item menu-item-type-post_type menu-item-object-page menu-item-103708\"><a href=\"https:\/\/www.auzeau.fr\/39-45\/france\/91-essonne\/91-etampes-cimetiere-saint-martin-2\/\">Glenn Martin 167F n\u00b0 42<\/a><\/li>\n<\/ul><\/td>\n<\/tr>\n<\/tbody>\n<\/table>\n<hr \/>\n<p style=\"text-align: center;\"><ul id=\"menu-91-essonne\" class=\"menu\"><li id=\"menu-item-102659\" class=\"menu-item menu-item-type-post_type menu-item-object-page menu-item-102659\"><a href=\"https:\/\/www.auzeau.fr\/39-45\/france\/91-essonne\/91-bievres\/\">91 \u2013 Bi\u00e8vres<\/a><\/li>\n<li id=\"menu-item-102660\" class=\"menu-item menu-item-type-post_type menu-item-object-page menu-item-102660\"><a href=\"https:\/\/www.auzeau.fr\/39-45\/france\/91-essonne\/91-boissy-sous-saint-yon\/\">91 \u2013 Boissy-sous-Saint-Yon<\/a><\/li>\n<li id=\"menu-item-102662\" class=\"menu-item menu-item-type-post_type menu-item-object-page menu-item-102662\"><a href=\"https:\/\/www.auzeau.fr\/39-45\/france\/91-essonne\/91-bretigny-sur-orge\/\">91 \u2013 Br\u00e9tigny-sur-Orge<\/a><\/li>\n<li id=\"menu-item-113874\" class=\"menu-item menu-item-type-post_type menu-item-object-page menu-item-113874\"><a href=\"https:\/\/www.auzeau.fr\/39-45\/france\/91-essonne\/91-breux-jouy\/\">91 \u2013 Breux-Jouy<\/a><\/li>\n<li id=\"menu-item-104379\" class=\"menu-item menu-item-type-post_type menu-item-object-page menu-item-104379\"><a href=\"https:\/\/www.auzeau.fr\/39-45\/france\/91-essonne\/91-corbeil-essonnes\/\">91 \u2013 Corbeil-Essonnes<\/a><\/li>\n<li id=\"menu-item-113876\" class=\"menu-item menu-item-type-post_type menu-item-object-page menu-item-113876\"><a href=\"https:\/\/www.auzeau.fr\/39-45\/france\/91-essonne\/91-courances\/\">91 \u2013 Courances<\/a><\/li>\n<li id=\"menu-item-102665\" class=\"menu-item menu-item-type-post_type menu-item-object-page menu-item-102665\"><a href=\"https:\/\/www.auzeau.fr\/39-45\/france\/91-essonne\/91-etampes-cimetiere-saint-martin\/\">91 \u2013 \u00c9tampe cimeti\u00e8re Saint-Martin<\/a><\/li>\n<li id=\"menu-item-102666\" class=\"menu-item menu-item-type-post_type menu-item-object-page menu-item-102666\"><a href=\"https:\/\/www.auzeau.fr\/39-45\/france\/91-essonne\/91-etampes-cimetiere-notre-dame\/\">91 \u2013 \u00c9tampes cimeti\u00e8re Notre-Dame<\/a><\/li>\n<li id=\"menu-item-102667\" class=\"menu-item menu-item-type-post_type menu-item-object-page menu-item-102667\"><a href=\"https:\/\/www.auzeau.fr\/39-45\/france\/91-essonne\/91-etampes-cimetiere-saint-gilles\/\">91 \u2013 \u00c9tampes cimeti\u00e8re Saint-Gilles<\/a><\/li>\n<li id=\"menu-item-102669\" class=\"menu-item menu-item-type-post_type menu-item-object-page menu-item-102669\"><a href=\"https:\/\/www.auzeau.fr\/39-45\/france\/91-essonne\/91-guillerval\/\">91 \u2013 Guillerval<\/a><\/li>\n<li id=\"menu-item-102862\" class=\"menu-item menu-item-type-post_type menu-item-object-page menu-item-102862\"><a href=\"https:\/\/www.auzeau.fr\/39-45\/france\/91-essonne\/91-massy-cimetiere-sud\/\">91 \u2013 Massy cimeti\u00e8re Sud<\/a><\/li>\n<li id=\"menu-item-102861\" class=\"menu-item menu-item-type-post_type menu-item-object-page menu-item-102861\"><a href=\"https:\/\/www.auzeau.fr\/39-45\/france\/91-essonne\/91-montgeron\/\">91 \u2013 Montgeron<\/a><\/li>\n<li id=\"menu-item-102672\" class=\"menu-item menu-item-type-post_type menu-item-object-page menu-item-102672\"><a href=\"https:\/\/www.auzeau.fr\/39-45\/france\/91-essonne\/91-morigny-champigny\/\">91 \u2013 Morigny-Champigny<\/a><\/li>\n<li id=\"menu-item-113875\" class=\"menu-item menu-item-type-post_type menu-item-object-page menu-item-113875\"><a href=\"https:\/\/www.auzeau.fr\/39-45\/france\/91-essonne\/91-orsay\/\">91 \u2013 Orsay<\/a><\/li>\n<li id=\"menu-item-113877\" class=\"menu-item menu-item-type-post_type menu-item-object-page menu-item-113877\"><a href=\"https:\/\/www.auzeau.fr\/39-45\/france\/91-essonne\/91-souzy-la-briche\/\">91 \u2013 Souzy-la-Briche<\/a><\/li>\n<\/ul>\n<script type=\"text\/javascript\"> toolTips('.classtoolTips27','<img class=\"aligncenter wp-image-65839 size-full\" title=\"ME 109\" src=\"https:\/\/www.auzeau.fr\/39-45\/wp-content\/uploads\/Avions\/Allemand\/Me109.JPG\" alt=\"\" width=\"650\" height=\"357\" \/>'); <\/script><script type=\"text\/javascript\"> toolTips('.classtoolTips96','Sergent<br\/><br\/>Sergeant'); <\/script><script type=\"text\/javascript\"> toolTips('.classtoolTips98','Colonel'); <\/script><script type=\"text\/javascript\"> toolTips('.classtoolTips110','Tu\u00e9 au combat<br\/><br\/>Killed In Action'); <\/script><script type=\"text\/javascript\"> toolTips('.classtoolTips112','Bless\u00e9 au combat<br\/><br\/>Wounded in action'); <\/script><script type=\"text\/javascript\"> toolTips('.classtoolTips115','Op\u00e9rateur Radio<br\/><br\/>Wireless Op\u00e9rator'); <\/script><script type=\"text\/javascript\"> toolTips('.classtoolTips120','Chef de Bord'); <\/script><script type=\"text\/javascript\"> toolTips('.classtoolTips126','Mort Pour la France'); <\/script><script type=\"text\/javascript\"> toolTips('.classtoolTips136','Arm\u00e9e de l\u2019Air Fran\u00e7aise'); <\/script><script type=\"text\/javascript\"> toolTips('.classtoolTips144','Royal Corps of Signals'); <\/script><script type=\"text\/javascript\"> toolTips('.classtoolTips150','Indemne<br\/><br\/>Unhurt'); <\/script><script type=\"text\/javascript\"> toolTips('.classtoolTips151','Pilote<br\/><br\/>Pilot'); <\/script><script type=\"text\/javascript\"> toolTips('.classtoolTips181','Sous-Lieutenant'); <\/script><script type=\"text\/javascript\"> toolTips('.classtoolTips182','Warrant Officer'); <\/script><script type=\"text\/javascript\"> toolTips('.classtoolTips185','Mitrailleur<br\/><br\/>Air Gunner'); <\/script><script type=\"text\/javascript\"> toolTips('.classtoolTips186','Zone d\u2019Atterrissage<br\/><br\/>Landing Zone'); <\/script><script type=\"text\/javascript\"> toolTips('.classtoolTips188','Bombardier<br\/><br\/>Air bomber'); <\/script><script type=\"text\/javascript\"> toolTips('.classtoolTips192','<img class=\"aligncenter size-full wp-image-65858\" title=\"Rampe_V1\" src=\"https:\/\/www.auzeau.fr\/39-45\/wp-content\/uploads\/Avions\/Allemand\/Rampe_V1.jpg\" alt=\"\" width=\"640\" height=\"426\" \/><br\/><img class=\"aligncenter size-full wp-image-65859\" title=\"V1\" src=\"https:\/\/www.auzeau.fr\/39-45\/wp-content\/uploads\/Avions\/Allemand\/V1.jpg\" alt=\"\" width=\"640\" height=\"424\" \/>'); <\/script><script type=\"text\/javascript\"> toolTips('.classtoolTips193','Royal Navy'); <\/script><script type=\"text\/javascript\"> toolTips('.classtoolTips195','Enseigne de Vaisseau'); <\/script><script type=\"text\/javascript\"> toolTips('.classtoolTips197','Aircraftman'); <\/script><script type=\"text\/javascript\"> toolTips('.classtoolTips199','Radio Officer'); <\/script><script type=\"text\/javascript\"> toolTips('.classtoolTips201','Lieutenant'); <\/script>","protected":false},"excerpt":{"rendered":"<p>LeO 451 n\u00b0109 GB I\/31 Date :\u00a0 \u00a031 mai 1940 Mission :\u00a0 \u00a0Attaque de colonnes blind\u00e9es \u00a0 \u00a0 D\u00e9collage : \u00a0Chartres (28) \u00a0 \u00a0 Causes de la perte :\u00a0 \u00a0Abattu par des chaseurs Bf 109 \u00a0 \u00a0 Lieu de la perte :\u00a0 \u00a0&#8220;La Grande Trou\u00e9e&#8221; \u00e0 Auteuil (60) \u00a0 \u00a0 \u00a0 Sgt Guy L\u00e9on Charles [&hellip;]<\/p>\n","protected":false},"author":1,"featured_media":0,"parent":101170,"menu_order":0,"comment_status":"closed","ping_status":"closed","template":"template-full-width LEO451.php","meta":{"_lmt_disableupdate":"yes","_lmt_disable":"","footnotes":""},"categories":[350],"tags":[1792],"wf_page_folders":[10290],"class_list":["post-101204","page","type-page","status-publish","hentry","category-leo-451","tag-gb-i-31"],"_links":{"self":[{"href":"https:\/\/www.auzeau.fr\/39-45\/wp-json\/wp\/v2\/pages\/101204","targetHints":{"allow":["GET"]}}],"collection":[{"href":"https:\/\/www.auzeau.fr\/39-45\/wp-json\/wp\/v2\/pages"}],"about":[{"href":"https:\/\/www.auzeau.fr\/39-45\/wp-json\/wp\/v2\/types\/page"}],"author":[{"embeddable":true,"href":"https:\/\/www.auzeau.fr\/39-45\/wp-json\/wp\/v2\/users\/1"}],"replies":[{"embeddable":true,"href":"https:\/\/www.auzeau.fr\/39-45\/wp-json\/wp\/v2\/comments?post=101204"}],"version-history":[{"count":0,"href":"https:\/\/www.auzeau.fr\/39-45\/wp-json\/wp\/v2\/pages\/101204\/revisions"}],"up":[{"embeddable":true,"href":"https:\/\/www.auzeau.fr\/39-45\/wp-json\/wp\/v2\/pages\/101170"}],"wp:attachment":[{"href":"https:\/\/www.auzeau.fr\/39-45\/wp-json\/wp\/v2\/media?parent=101204"}],"wp:term":[{"taxonomy":"category","embeddable":true,"href":"https:\/\/www.auzeau.fr\/39-45\/wp-json\/wp\/v2\/categories?post=101204"},{"taxonomy":"post_tag","embeddable":true,"href":"https:\/\/www.auzeau.fr\/39-45\/wp-json\/wp\/v2\/tags?post=101204"},{"taxonomy":"wf_page_folders","embeddable":true,"href":"https:\/\/www.auzeau.fr\/39-45\/wp-json\/wp\/v2\/wf_page_folders?post=101204"}],"curies":[{"name":"wp","href":"https:\/\/api.w.org\/{rel}","templated":true}]}}